{"id":46394,"date":"2025-06-16T10:54:43","date_gmt":"2025-06-16T08:54:43","guid":{"rendered":"http:\/\/joubjoub.ddns.net\/blog\/?page_id=46394"},"modified":"2025-06-16T10:56:06","modified_gmt":"2025-06-16T08:56:06","slug":"films-vus-en-2012","status":"publish","type":"page","link":"https:\/\/joubjoub.ddns.net\/blog\/?page_id=46394","title":{"rendered":"Films vus en 2012"},"content":{"rendered":"<p><center><\/p>\n<table style=\"width: 90%;\">\n<thead>\n<tr style='height: 24px; font-size: 18px;'>\n<th style='text-align:left'>Titre<\/th>\n<th data-align='center'>Date<\/th>\n<th data-align='center'>Note<\/th>\n<th data-align='center'>Commentaires<\/th>\n<\/tr>\n<\/thead>\n<tbody>\n<tr style='height: 24px;'>\n<td style='text-align:left'><a href='http:\/\/joubjoub.ddns.net\/blog\/?p=46303' data-type='post'>13<\/a><\/td>\n<td data-align='center'>16-f\u00e9vrier-2012<\/td>\n<td data-align='center'>3<\/td>\n<td style='text-align:left'><\/td>\n<\/tr>\n<tr style='height: 24px;'>\n<td style='text-align:left'><a href='http:\/\/joubjoub.ddns.net\/blog\/?p=46349' data-type='post'>[2] Blue Valentine<\/a><\/td>\n<td data-align='center'>6-septembre-2012<\/td>\n<td data-align='center'>4<\/td>\n<td style='text-align:left'><\/td>\n<\/tr>\n<tr style='height: 24px;'>\n<td style='text-align:left'><a href='http:\/\/joubjoub.ddns.net\/blog\/?p=46339' data-type='post'>2033 : Future Apocalypse<\/a><\/td>\n<td data-align='center'>30-ao\u00fbt-2012<\/td>\n<td data-align='center'>2<\/td>\n<td style='text-align:left'><\/td>\n<\/tr>\n<tr style='height: 24px;'>\n<td style='text-align:left'><a href='http:\/\/joubjoub.ddns.net\/blog\/?p=46367' data-type='post'>38 t\u00e9moins<\/a><\/td>\n<td data-align='center'>18-septembre-2012<\/td>\n<td data-align='center'>\u2764<\/td>\n<td style='text-align:left'>Adaptation, <\/td>\n<\/tr>\n<tr style='height: 24px;'>\n<td style='text-align:left'><a href='http:\/\/joubjoub.ddns.net\/blog\/?p=46385' data-type='post'>\u00c0 l\u2019aveugle<\/a><\/td>\n<td data-align='center'>20-novembre-2012<\/td>\n<td data-align='center'>\u2764<\/td>\n<td style='text-align:left'><\/td>\n<\/tr>\n<tr style='height: 24px;'>\n<td style='text-align:left'><a href='http:\/\/joubjoub.ddns.net\/blog\/?p=46265' data-type='post'>Assassination Games<\/a><\/td>\n<td data-align='center'>17-janvier-2012<\/td>\n<td data-align='center'>3<\/td>\n<td style='text-align:left'><\/td>\n<\/tr>\n<tr style='height: 24px;'>\n<td style='text-align:left'><a href='http:\/\/joubjoub.ddns.net\/blog\/?p=46341' data-type='post'>Avengers<\/a><\/td>\n<td data-align='center'>3-septembre-2012<\/td>\n<td data-align='center'>3<\/td>\n<td style='text-align:left'>Franchise \u00ab\u00a0M.C.U.\u00a0\u00bb,<\/td>\n<\/tr>\n<tr style='height: 24px;'>\n<td style='text-align:left'><a href='http:\/\/joubjoub.ddns.net\/blog\/?p=46335' data-type='post'>Battleship<\/a><\/td>\n<td data-align='center'>28-ao\u00fbt-2012<\/td>\n<td data-align='center'>3<\/td>\n<td style='text-align:left'><\/td>\n<\/tr>\n<tr style='height: 24px;'>\n<td style='text-align:left'><a href='http:\/\/joubjoub.ddns.net\/blog\/?p=46293' data-type='post'>Blitz<\/a><\/td>\n<td data-align='center'>6-f\u00e9vrier-2012<\/td>\n<td data-align='center'>3<\/td>\n<td style='text-align:left'>Adaptation, <\/td>\n<\/tr>\n<tr style='height: 24px;'>\n<td style='text-align:left'><a href='http:\/\/joubjoub.ddns.net\/blog\/?p=46261' data-type='post'>Captain America : First Avenger<\/a><\/td>\n<td data-align='center'>16-janvier-2012<\/td>\n<td data-align='center'>3<\/td>\n<td style='text-align:left'>Franchise \u00ab\u00a0M.C.U.\u00a0\u00bb,<\/td>\n<\/tr>\n<tr style='height: 24px;'>\n<td style='text-align:left'><a href='http:\/\/joubjoub.ddns.net\/blog\/?p=46319' data-type='post'>Ces amours-l\u00e0<\/a><\/td>\n<td data-align='center'>1-mars-2012<\/td>\n<td data-align='center'>3<\/td>\n<td style='text-align:left'><\/td>\n<\/tr>\n<tr style='height: 24px;'>\n<td style='text-align:left'><a href='http:\/\/joubjoub.ddns.net\/blog\/?p=46267' data-type='post'>Conan<\/a><\/td>\n<td data-align='center'>18-janvier-2012<\/td>\n<td data-align='center'>2<\/td>\n<td style='text-align:left'><\/td>\n<\/tr>\n<tr style='height: 24px;'>\n<td style='text-align:left'><a href='http:\/\/joubjoub.ddns.net\/blog\/?p=46299' data-type='post'>Contagion<\/a><\/td>\n<td data-align='center'>9-f\u00e9vrier-2012<\/td>\n<td data-align='center'>\u2764<\/td>\n<td style='text-align:left'><\/td>\n<\/tr>\n<tr style='height: 24px;'>\n<td style='text-align:left'><a href='http:\/\/joubjoub.ddns.net\/blog\/?p=46269' data-type='post'>Cowboys &#038; Envahisseurs<\/a><\/td>\n<td data-align='center'>18-janvier-2012<\/td>\n<td data-align='center'>3<\/td>\n<td style='text-align:left'><\/td>\n<\/tr>\n<tr style='height: 24px;'>\n<td style='text-align:left'><a href='http:\/\/joubjoub.ddns.net\/blog\/?p=46337' data-type='post'>Dragon Eyes<\/a><\/td>\n<td data-align='center'>29-ao\u00fbt-2012<\/td>\n<td data-align='center'>2<\/td>\n<td style='text-align:left'><\/td>\n<\/tr>\n<tr style='height: 24px;'>\n<td style='text-align:left'><a href='http:\/\/joubjoub.ddns.net\/blog\/?p=46301' data-type='post'>Drive<\/a><\/td>\n<td data-align='center'>15-f\u00e9vrier-2012<\/td>\n<td data-align='center'>\u2764<\/td>\n<td style='text-align:left'>Adaptation, 1001 films,<\/td>\n<\/tr>\n<tr style='height: 24px;'>\n<td style='text-align:left'><a href='http:\/\/joubjoub.ddns.net\/blog\/?p=46315' data-type='post'>Effraction<\/a><\/td>\n<td data-align='center'>28-f\u00e9vrier-2012<\/td>\n<td data-align='center'>3<\/td>\n<td style='text-align:left'><\/td>\n<\/tr>\n<tr style='height: 24px;'>\n<td style='text-align:left'><a href='http:\/\/joubjoub.ddns.net\/blog\/?p=46387' data-type='post'>Expendables 2\u00a0: Unit\u00e9 sp\u00e9ciale<\/a><\/td>\n<td data-align='center'>21-novembre-2012<\/td>\n<td data-align='center'>3<\/td>\n<td style='text-align:left'><\/td>\n<\/tr>\n<tr style='height: 24px;'>\n<td style='text-align:left'><a href='http:\/\/joubjoub.ddns.net\/blog\/?p=46375' data-type='post'>Fish Tank<\/a><\/td>\n<td data-align='center'>20-septembre-2012<\/td>\n<td data-align='center'>2<\/td>\n<td style='text-align:left'>1001 films,<\/td>\n<\/tr>\n<tr style='height: 24px;'>\n<td style='text-align:left'><a href='http:\/\/joubjoub.ddns.net\/blog\/?p=46357' data-type='post'>Ghost Rider : L\u2019esprit de vengeance<\/a><\/td>\n<td data-align='center'>12-septembre-2012<\/td>\n<td data-align='center'>3<\/td>\n<td style='text-align:left'><\/td>\n<\/tr>\n<tr style='height: 24px;'>\n<td style='text-align:left'><a href='http:\/\/joubjoub.ddns.net\/blog\/?p=46291' data-type='post'>Green Lantern<\/a><\/td>\n<td data-align='center'>3-f\u00e9vrier-2012<\/td>\n<td data-align='center'>3<\/td>\n<td style='text-align:left'><\/td>\n<\/tr>\n<tr style='height: 24px;'>\n<td style='text-align:left'><a href='http:\/\/joubjoub.ddns.net\/blog\/?p=46333' data-type='post'>Hunger Games<\/a><\/td>\n<td data-align='center'>24-ao\u00fbt-2012<\/td>\n<td data-align='center'>3<\/td>\n<td style='text-align:left'>Adaptation, <\/td>\n<\/tr>\n<tr style='height: 24px;'>\n<td style='text-align:left'><a href='http:\/\/joubjoub.ddns.net\/blog\/?p=46355' data-type='post'>Into the Wild<\/a><\/td>\n<td data-align='center'>11-septembre-2012<\/td>\n<td data-align='center'>4<\/td>\n<td style='text-align:left'>Adaptation, 1001 films,<\/td>\n<\/tr>\n<tr style='height: 24px;'>\n<td style='text-align:left'><a href='http:\/\/joubjoub.ddns.net\/blog\/?p=46289' data-type='post'>Intol\u00e9rance<\/a><\/td>\n<td data-align='center'>3-f\u00e9vrier-2012<\/td>\n<td data-align='center'>3<\/td>\n<td style='text-align:left'>1001 films,<\/td>\n<\/tr>\n<tr style='height: 24px;'>\n<td style='text-align:left'><a href='http:\/\/joubjoub.ddns.net\/blog\/?p=46273' data-type='post'>L\u2019agence<\/a><\/td>\n<td data-align='center'>22-janvier-2012<\/td>\n<td data-align='center'>4<\/td>\n<td style='text-align:left'><\/td>\n<\/tr>\n<tr style='height: 24px;'>\n<td style='text-align:left'><a href='http:\/\/joubjoub.ddns.net\/blog\/?p=46259' data-type='post'>L\u2019instinct de l\u2019ange<\/a><\/td>\n<td data-align='center'>5-janvier-2012<\/td>\n<td data-align='center'>4<\/td>\n<td style='text-align:left'><\/td>\n<\/tr>\n<tr style='height: 24px;'>\n<td style='text-align:left'><a href='http:\/\/joubjoub.ddns.net\/blog\/?p=46343' data-type='post'>La col\u00e8re des Titans<\/a><\/td>\n<td data-align='center'>4-septembre-2012<\/td>\n<td data-align='center'>3<\/td>\n<td style='text-align:left'><\/td>\n<\/tr>\n<tr style='height: 24px;'>\n<td style='text-align:left'><a href='http:\/\/joubjoub.ddns.net\/blog\/?p=46295' data-type='post'>La piel que habito<\/a><\/td>\n<td data-align='center'>7-f\u00e9vrier-2012<\/td>\n<td data-align='center'>3<\/td>\n<td style='text-align:left'>Adaptation, <\/td>\n<\/tr>\n<tr style='height: 24px;'>\n<td style='text-align:left'><a href='http:\/\/joubjoub.ddns.net\/blog\/?p=46281' data-type='post'>Last Days of Los Angeles<\/a><\/td>\n<td data-align='center'>27-janvier-2012<\/td>\n<td data-align='center'>1<\/td>\n<td style='text-align:left'><\/td>\n<\/tr>\n<tr style='height: 24px;'>\n<td style='text-align:left'><a href='http:\/\/joubjoub.ddns.net\/blog\/?p=46331' data-type='post'>Le Bon, la Brute et le Cingl\u00e9<\/a><\/td>\n<td data-align='center'>23-ao\u00fbt-2012<\/td>\n<td data-align='center'>3<\/td>\n<td style='text-align:left'>1001 films,<\/td>\n<\/tr>\n<tr style='height: 24px;'>\n<td style='text-align:left'><a href='http:\/\/joubjoub.ddns.net\/blog\/?p=46311' data-type='post'>Le discours d\u2019un roi<\/a><\/td>\n<td data-align='center'>23-f\u00e9vrier-2012<\/td>\n<td data-align='center'>\u2764<\/td>\n<td style='text-align:left'>1001 films,<\/td>\n<\/tr>\n<tr style='height: 24px;'>\n<td style='text-align:left'><a href='http:\/\/joubjoub.ddns.net\/blog\/?p=46297' data-type='post'>Le guerrier pacifique<\/a><\/td>\n<td data-align='center'>8-f\u00e9vrier-2012<\/td>\n<td data-align='center'>3<\/td>\n<td style='text-align:left'>Adaptation, <\/td>\n<\/tr>\n<tr style='height: 24px;'>\n<td style='text-align:left'><a href='http:\/\/joubjoub.ddns.net\/blog\/?p=46345' data-type='post'>Le pacte<\/a><\/td>\n<td data-align='center'>5-septembre-2012<\/td>\n<td data-align='center'>3<\/td>\n<td style='text-align:left'><\/td>\n<\/tr>\n<tr style='height: 24px;'>\n<td style='text-align:left'><a href='http:\/\/joubjoub.ddns.net\/blog\/?p=46351' data-type='post'>Le Rite<\/a><\/td>\n<td data-align='center'>8-septembre-2012<\/td>\n<td data-align='center'>3<\/td>\n<td style='text-align:left'>Adaptation, <\/td>\n<\/tr>\n<tr style='height: 24px;'>\n<td style='text-align:left'><a href='http:\/\/joubjoub.ddns.net\/blog\/?p=46369' data-type='post'>Le Sorcier et le Serpent blanc<\/a><\/td>\n<td data-align='center'>18-septembre-2012<\/td>\n<td data-align='center'>4<\/td>\n<td style='text-align:left'><\/td>\n<\/tr>\n<tr style='height: 24px;'>\n<td style='text-align:left'><a href='http:\/\/joubjoub.ddns.net\/blog\/?p=46371' data-type='post'>Le territoire des loups<\/a><\/td>\n<td data-align='center'>19-septembre-2012<\/td>\n<td data-align='center'>3<\/td>\n<td style='text-align:left'><\/td>\n<\/tr>\n<tr style='height: 24px;'>\n<td style='text-align:left'><a href='http:\/\/joubjoub.ddns.net\/blog\/?p=46373' data-type='post'>Loup<\/a><\/td>\n<td data-align='center'>19-septembre-2012<\/td>\n<td data-align='center'>4<\/td>\n<td style='text-align:left'><\/td>\n<\/tr>\n<tr style='height: 24px;'>\n<td style='text-align:left'><a href='http:\/\/joubjoub.ddns.net\/blog\/?p=46271' data-type='post'>Mange, prie, aime<\/a><\/td>\n<td data-align='center'>20-janvier-2012<\/td>\n<td data-align='center'>4<\/td>\n<td style='text-align:left'>Adaptation, <\/td>\n<\/tr>\n<tr style='height: 24px;'>\n<td style='text-align:left'><a href='http:\/\/joubjoub.ddns.net\/blog\/?p=46381' data-type='post'>Men in Black III<\/a><\/td>\n<td data-align='center'>9-novembre-2012<\/td>\n<td data-align='center'>3<\/td>\n<td style='text-align:left'><\/td>\n<\/tr>\n<tr style='height: 24px;'>\n<td style='text-align:left'><a href='http:\/\/joubjoub.ddns.net\/blog\/?p=46361' data-type='post'>Mission : Impossible \u2013 Protocole Fant\u00f4me<\/a><\/td>\n<td data-align='center'>14-septembre-2012<\/td>\n<td data-align='center'>3<\/td>\n<td style='text-align:left'><\/td>\n<\/tr>\n<tr style='height: 24px;'>\n<td style='text-align:left'><a href='http:\/\/joubjoub.ddns.net\/blog\/?p=46323' data-type='post'>Monsters<\/a><\/td>\n<td data-align='center'>7-mars-2012<\/td>\n<td data-align='center'>2<\/td>\n<td style='text-align:left'>1001 films,<\/td>\n<\/tr>\n<tr style='height: 24px;'>\n<td style='text-align:left'><a href='http:\/\/joubjoub.ddns.net\/blog\/?p=46305' data-type='post'>Nous sommes la nuit<\/a><\/td>\n<td data-align='center'>17-f\u00e9vrier-2012<\/td>\n<td data-align='center'>4<\/td>\n<td style='text-align:left'><\/td>\n<\/tr>\n<tr style='height: 24px;'>\n<td style='text-align:left'><a href='http:\/\/joubjoub.ddns.net\/blog\/?p=46317' data-type='post'>Polisse<\/a><\/td>\n<td data-align='center'>29-f\u00e9vrier-2012<\/td>\n<td data-align='center'>2<\/td>\n<td style='text-align:left'><\/td>\n<\/tr>\n<tr style='height: 24px;'>\n<td style='text-align:left'><a href='http:\/\/joubjoub.ddns.net\/blog\/?p=46379' data-type='post'>Precious<\/a><\/td>\n<td data-align='center'>26-septembre-2012<\/td>\n<td data-align='center'>3<\/td>\n<td style='text-align:left'>Adaptation, 1001 films,<\/td>\n<\/tr>\n<tr style='height: 24px;'>\n<td style='text-align:left'><a href='http:\/\/joubjoub.ddns.net\/blog\/?p=46363' data-type='post'>Prometheus<\/a><\/td>\n<td data-align='center'>15-septembre-2012<\/td>\n<td data-align='center'>4<\/td>\n<td style='text-align:left'><\/td>\n<\/tr>\n<tr style='height: 24px;'>\n<td style='text-align:left'><a href='http:\/\/joubjoub.ddns.net\/blog\/?p=46313' data-type='post'>Raging Bull<\/a><\/td>\n<td data-align='center'>23-f\u00e9vrier-2012<\/td>\n<td data-align='center'>2<\/td>\n<td style='text-align:left'>Adaptation, 1001 films,<\/td>\n<\/tr>\n<tr style='height: 24px;'>\n<td style='text-align:left'><a href='http:\/\/joubjoub.ddns.net\/blog\/?p=46347' data-type='post'>Safe<\/a><\/td>\n<td data-align='center'>5-septembre-2012<\/td>\n<td data-align='center'>3<\/td>\n<td style='text-align:left'><\/td>\n<\/tr>\n<tr style='height: 24px;'>\n<td style='text-align:left'><a href='http:\/\/joubjoub.ddns.net\/blog\/?p=46257' data-type='post'>Scanners<\/a><\/td>\n<td data-align='center'>3-janvier-2012<\/td>\n<td data-align='center'>3<\/td>\n<td style='text-align:left'><\/td>\n<\/tr>\n<tr style='height: 24px;'>\n<td style='text-align:left'><a href='http:\/\/joubjoub.ddns.net\/blog\/?p=46277' data-type='post'>Scream 4<\/a><\/td>\n<td data-align='center'>25-janvier-2012<\/td>\n<td data-align='center'>3<\/td>\n<td style='text-align:left'><\/td>\n<\/tr>\n<tr style='height: 24px;'>\n<td style='text-align:left'><a href='http:\/\/joubjoub.ddns.net\/blog\/?p=46359' data-type='post'>S\u00e9curit\u00e9 Rapproch\u00e9e<\/a><\/td>\n<td data-align='center'>14-septembre-2012<\/td>\n<td data-align='center'>3<\/td>\n<td style='text-align:left'><\/td>\n<\/tr>\n<tr style='height: 24px;'>\n<td style='text-align:left'><a href='http:\/\/joubjoub.ddns.net\/blog\/?p=46377' data-type='post'>Supervixens<\/a><\/td>\n<td data-align='center'>24-septembre-2012<\/td>\n<td data-align='center'>3<\/td>\n<td style='text-align:left'><\/td>\n<\/tr>\n<tr style='height: 24px;'>\n<td style='text-align:left'><a href='http:\/\/joubjoub.ddns.net\/blog\/?p=46383' data-type='post'>The Dark Knight Rises<\/a><\/td>\n<td data-align='center'>19-novembre-2012<\/td>\n<td data-align='center'>4<\/td>\n<td style='text-align:left'><\/td>\n<\/tr>\n<tr style='height: 24px;'>\n<td style='text-align:left'><a href='http:\/\/joubjoub.ddns.net\/blog\/?p=46309' data-type='post'>The Green Hornet<\/a><\/td>\n<td data-align='center'>21-f\u00e9vrier-2012<\/td>\n<td data-align='center'>2<\/td>\n<td style='text-align:left'><\/td>\n<\/tr>\n<tr style='height: 24px;'>\n<td style='text-align:left'><a href='http:\/\/joubjoub.ddns.net\/blog\/?p=46263' data-type='post'>The Prodigies<\/a><\/td>\n<td data-align='center'>16-janvier-2012<\/td>\n<td data-align='center'>3<\/td>\n<td style='text-align:left'>Adaptation, <\/td>\n<\/tr>\n<tr style='height: 24px;'>\n<td style='text-align:left'><a href='http:\/\/joubjoub.ddns.net\/blog\/?p=46283' data-type='post'>The Queen<\/a><\/td>\n<td data-align='center'>1-f\u00e9vrier-2012<\/td>\n<td data-align='center'>4<\/td>\n<td style='text-align:left'>1001 films,<\/td>\n<\/tr>\n<tr style='height: 24px;'>\n<td style='text-align:left'><a href='http:\/\/joubjoub.ddns.net\/blog\/?p=46307' data-type='post'>The Ward : L\u2019h\u00f4pital de la terreur<\/a><\/td>\n<td data-align='center'>20-f\u00e9vrier-2012<\/td>\n<td data-align='center'>4<\/td>\n<td style='text-align:left'><\/td>\n<\/tr>\n<tr style='height: 24px;'>\n<td style='text-align:left'><a href='http:\/\/joubjoub.ddns.net\/blog\/?p=46329' data-type='post'>The Wrestler<\/a><\/td>\n<td data-align='center'>22-ao\u00fbt-2012<\/td>\n<td data-align='center'>4<\/td>\n<td style='text-align:left'>1001 films,<\/td>\n<\/tr>\n<tr style='height: 24px;'>\n<td style='text-align:left'><a href='http:\/\/joubjoub.ddns.net\/blog\/?p=46279' data-type='post'>Time Out<\/a><\/td>\n<td data-align='center'>26-janvier-2012<\/td>\n<td data-align='center'>4<\/td>\n<td style='text-align:left'><\/td>\n<\/tr>\n<tr style='height: 24px;'>\n<td style='text-align:left'><a href='http:\/\/joubjoub.ddns.net\/blog\/?p=46353' data-type='post'>Total Recall: M\u00e9moires programm\u00e9es<\/a><\/td>\n<td data-align='center'>10-septembre-2012<\/td>\n<td data-align='center'>3<\/td>\n<td style='text-align:left'>Adaptation, <\/td>\n<\/tr>\n<tr style='height: 24px;'>\n<td style='text-align:left'><a href='http:\/\/joubjoub.ddns.net\/blog\/?p=46321' data-type='post'>Transformers 3 : La face cach\u00e9e de la Lune<\/a><\/td>\n<td data-align='center'>6-mars-2012<\/td>\n<td data-align='center'>3<\/td>\n<td style='text-align:left'><\/td>\n<\/tr>\n<tr style='height: 24px;'>\n<td style='text-align:left'><a href='http:\/\/joubjoub.ddns.net\/blog\/?p=46365' data-type='post'>Underworld : Nouvelle \u00c8re<\/a><\/td>\n<td data-align='center'>17-septembre-2012<\/td>\n<td data-align='center'>3<\/td>\n<td style='text-align:left'><\/td>\n<\/tr>\n<tr style='height: 24px;'>\n<td style='text-align:left'><a href='http:\/\/joubjoub.ddns.net\/blog\/?p=46287' data-type='post'>Va, vis et deviens<\/a><\/td>\n<td data-align='center'>2-f\u00e9vrier-2012<\/td>\n<td data-align='center'>\u2764<\/td>\n<td style='text-align:left'>1001 films,<\/td>\n<\/tr>\n<tr style='height: 24px;'>\n<td style='text-align:left'><a href='http:\/\/joubjoub.ddns.net\/blog\/?p=46327' data-type='post'>Very Bad Trip<\/a><\/td>\n<td data-align='center'>21-ao\u00fbt-2012<\/td>\n<td data-align='center'>3<\/td>\n<td style='text-align:left'>1001 films,<\/td>\n<\/tr>\n<tr style='height: 24px;'>\n<td style='text-align:left'><a href='http:\/\/joubjoub.ddns.net\/blog\/?p=46389' data-type='post'>WALL\u00b7E<\/a><\/td>\n<td data-align='center'>12-d\u00e9cembre-2012<\/td>\n<td data-align='center'>\u2764<\/td>\n<td style='text-align:left'>1001 films,Disney,<\/td>\n<\/tr>\n<tr style='height: 24px;'>\n<td style='text-align:left'><a href='http:\/\/joubjoub.ddns.net\/blog\/?p=46325' data-type='post'>We Are Four Lions<\/a><\/td>\n<td data-align='center'>14-mars-2012<\/td>\n<td data-align='center'>3<\/td>\n<td style='text-align:left'>1001 films,<\/td>\n<\/tr>\n<tr style='height: 24px;'>\n<td style='text-align:left'><a href='http:\/\/joubjoub.ddns.net\/blog\/?p=46275' data-type='post'>World Invasion : Battle Los Angeles<\/a><\/td>\n<td data-align='center'>24-janvier-2012<\/td>\n<td data-align='center'>3<\/td>\n<td style='text-align:left'><\/td>\n<\/tr>\n<tr style='height: 24px;'>\n<td style='text-align:left'><a href='http:\/\/joubjoub.ddns.net\/blog\/?p=46285' data-type='post'>X-Men : Le Commencement<\/a><\/td>\n<td data-align='center'>2-f\u00e9vrier-2012<\/td>\n<td data-align='center'>4<\/td>\n<td style='text-align:left'><\/td>\n<\/tr>\n<\/tbody>\n<tfoot>\n<tr style=\"height: 24px;\">\n<td class=\"has-text-align-left\" style=\"height: 24px; font-size: 18px;\" data-align=\"left\"><span class=\"has-inline-color has-vivid-cyan-blue-color\"><strong>TOTAL : 67 films vus en 2012<\/strong><\/span><\/td>\n<td class=\"has-text-align-center\" style=\"height: 24px;\" data-align=\"center\">\u00a0<\/td>\n<td class=\"has-text-align-center\" style=\"height: 24px;\" data-align=\"center\">\u00a0<\/td>\n<td class=\"has-text-align-center\" style=\"height: 24px;\" data-align=\"center\">\u00a0<\/td>\n<\/tr>\n<\/tfoot>\n<\/table>\n<p><\/center><\/p>\n","protected":false},"excerpt":{"rendered":"<p>Titre Date Note Commentaires 13 16-f\u00e9vrier-2012 3 [2] Blue Valentine 6-septembre-2012 4 2033 : Future Apocalypse 30-ao\u00fbt-2012 2 38 t\u00e9moins 18-septembre-2012 \u2764 Adaptation, \u00c0 l\u2019aveugle 20-novembre-2012 \u2764 Assassination Games 17-janvier-2012 3 Avengers 3-septembre-2012 3 Franchise \u00ab\u00a0M.C.U.\u00a0\u00bb, Battleship 28-ao\u00fbt-2012 3 Blitz 6-f\u00e9vrier-2012 3 Adaptation, Captain America : First Avenger 16-janvier-2012 3 Franchise \u00ab\u00a0M.C.U.\u00a0\u00bb, Ces amours-l\u00e0 1-mars-2012 3 Conan 18-janvier-2012 2 Contagion&#46;&#46;&#46;<\/p>\n","protected":false},"author":1,"featured_media":0,"parent":0,"menu_order":0,"comment_status":"closed","ping_status":"closed","template":"","meta":{"footnotes":""},"class_list":["post-46394","page","type-page","status-publish","hentry"],"_links":{"self":[{"href":"https:\/\/joubjoub.ddns.net\/blog\/index.php?rest_route=\/wp\/v2\/pages\/46394","targetHints":{"allow":["GET"]}}],"collection":[{"href":"https:\/\/joubjoub.ddns.net\/blog\/index.php?rest_route=\/wp\/v2\/pages"}],"about":[{"href":"https:\/\/joubjoub.ddns.net\/blog\/index.php?rest_route=\/wp\/v2\/types\/page"}],"author":[{"embeddable":true,"href":"https:\/\/joubjoub.ddns.net\/blog\/index.php?rest_route=\/wp\/v2\/users\/1"}],"replies":[{"embeddable":true,"href":"https:\/\/joubjoub.ddns.net\/blog\/index.php?rest_route=%2Fwp%2Fv2%2Fcomments&post=46394"}],"version-history":[{"count":2,"href":"https:\/\/joubjoub.ddns.net\/blog\/index.php?rest_route=\/wp\/v2\/pages\/46394\/revisions"}],"predecessor-version":[{"id":46397,"href":"https:\/\/joubjoub.ddns.net\/blog\/index.php?rest_route=\/wp\/v2\/pages\/46394\/revisions\/46397"}],"wp:attachment":[{"href":"https:\/\/joubjoub.ddns.net\/blog\/index.php?rest_route=%2Fwp%2Fv2%2Fmedia&parent=46394"}],"curies":[{"name":"wp","href":"https:\/\/api.w.org\/{rel}","templated":true}]}}