{"id":47943,"date":"2025-06-16T21:12:26","date_gmt":"2025-06-16T19:12:26","guid":{"rendered":"http:\/\/joubjoub.ddns.net\/blog\/?page_id=47943"},"modified":"2025-06-16T21:12:26","modified_gmt":"2025-06-16T19:12:26","slug":"films-vus-en-2023","status":"publish","type":"page","link":"https:\/\/joubjoub.ddns.net\/blog\/?page_id=47943","title":{"rendered":"Films vus en 2023"},"content":{"rendered":"<p><center><\/p>\n<table style=\"width: 90%;\">\n<thead>\n<tr style='height: 24px; font-size: 18px;'>\n<th style='text-align:left'>Titre<\/th>\n<th data-align='center'>Date<\/th>\n<th data-align='center'>Note<\/th>\n<th data-align='center'>Commentaires<\/th>\n<\/tr>\n<\/thead>\n<tbody>\n<tr style='height: 24px;'>\n<td style='text-align:left'><a href='http:\/\/joubjoub.ddns.net\/blog\/?p=47919' data-type='post'>65 : La terre d&rsquo;avant<\/a><\/td>\n<td data-align='center'>25-octobre-2023<\/td>\n<td data-align='center'>3<\/td>\n<td style='text-align:left'><\/td>\n<\/tr>\n<tr style='height: 24px;'>\n<td style='text-align:left'><a href='http:\/\/joubjoub.ddns.net\/blog\/?p=47869' data-type='post'>Aladdin<\/a><\/td>\n<td data-align='center'>1-avril-2023<\/td>\n<td data-align='center'>3<\/td>\n<td style='text-align:left'>En famille,<\/td>\n<\/tr>\n<tr style='height: 24px;'>\n<td style='text-align:left'><a href='http:\/\/joubjoub.ddns.net\/blog\/?p=47913' data-type='post'>Antigang : La rel\u00e8ve<\/a><\/td>\n<td data-align='center'>21-octobre-2023<\/td>\n<td data-align='center'>3<\/td>\n<td style='text-align:left'><\/td>\n<\/tr>\n<tr style='height: 24px;'>\n<td style='text-align:left'><a href='http:\/\/joubjoub.ddns.net\/blog\/?p=47865' data-type='post'>Ast\u00e9rix &#038; Ob\u00e9lix : L&#8217;empire du milieu<\/a><\/td>\n<td data-align='center'>27-f\u00e9vrier-2023<\/td>\n<td data-align='center'>3<\/td>\n<td style='text-align:left'>En famille,<\/td>\n<\/tr>\n<tr style='height: 24px;'>\n<td style='text-align:left'><a href='http:\/\/joubjoub.ddns.net\/blog\/?p=47849' data-type='post'>Balle perdue 2<\/a><\/td>\n<td data-align='center'>4-f\u00e9vrier-2023<\/td>\n<td data-align='center'>3<\/td>\n<td style='text-align:left'><\/td>\n<\/tr>\n<tr style='height: 24px;'>\n<td style='text-align:left'><a href='http:\/\/joubjoub.ddns.net\/blog\/?p=47921' data-type='post'>Black Phone<\/a><\/td>\n<td data-align='center'>27-octobre-2023<\/td>\n<td data-align='center'>3<\/td>\n<td style='text-align:left'>Adaptation, <\/td>\n<\/tr>\n<tr style='height: 24px;'>\n<td style='text-align:left'><a href='http:\/\/joubjoub.ddns.net\/blog\/?p=47883' data-type='post'>Bloody Bird<\/a><\/td>\n<td data-align='center'>15-juin-2023<\/td>\n<td data-align='center'>3<\/td>\n<td style='text-align:left'><\/td>\n<\/tr>\n<tr style='height: 24px;'>\n<td style='text-align:left'><a href='http:\/\/joubjoub.ddns.net\/blog\/?p=47941' data-type='post'>Destination finale<\/a><\/td>\n<td data-align='center'>15-d\u00e9cembre-2023<\/td>\n<td data-align='center'>3<\/td>\n<td style='text-align:left'><\/td>\n<\/tr>\n<tr style='height: 24px;'>\n<td style='text-align:left'><a href='http:\/\/joubjoub.ddns.net\/blog\/?p=47857' data-type='post'>Doctor Strange<\/a><\/td>\n<td data-align='center'>18-f\u00e9vrier-2023<\/td>\n<td data-align='center'>3<\/td>\n<td style='text-align:left'>En famille,Franchise \u00ab\u00a0M.C.U.\u00a0\u00bb,<\/td>\n<\/tr>\n<tr style='height: 24px;'>\n<td style='text-align:left'><a href='http:\/\/joubjoub.ddns.net\/blog\/?p=47845' data-type='post'>Doctor Strange in the Multiverse of Madness<\/a><\/td>\n<td data-align='center'>28-janvier-2023<\/td>\n<td data-align='center'>3<\/td>\n<td style='text-align:left'>En famille,Franchise \u00ab\u00a0M.C.U.\u00a0\u00bb,<\/td>\n<\/tr>\n<tr style='height: 24px;'>\n<td style='text-align:left'><a href='http:\/\/joubjoub.ddns.net\/blog\/?p=47839' data-type='post'>Doraemon et moi 2<\/a><\/td>\n<td data-align='center'>1-janvier-2023<\/td>\n<td data-align='center'>3<\/td>\n<td style='text-align:left'>En famille,<\/td>\n<\/tr>\n<tr style='height: 24px;'>\n<td style='text-align:left'><a href='http:\/\/joubjoub.ddns.net\/blog\/?p=47909' data-type='post'>Equalizer 3<\/a><\/td>\n<td data-align='center'>4-octobre-2023<\/td>\n<td data-align='center'>3<\/td>\n<td style='text-align:left'><\/td>\n<\/tr>\n<tr style='height: 24px;'>\n<td style='text-align:left'><a href='http:\/\/joubjoub.ddns.net\/blog\/?p=47915' data-type='post'>Escape Game 2 : Le monde est un pi\u00e8ge<\/a><\/td>\n<td data-align='center'>22-octobre-2023<\/td>\n<td data-align='center'>3<\/td>\n<td style='text-align:left'><\/td>\n<\/tr>\n<tr style='height: 24px;'>\n<td style='text-align:left'><a href='http:\/\/joubjoub.ddns.net\/blog\/?p=47927' data-type='post'>Event Horizon : Le vaisseau de l&rsquo;au-del\u00e0<\/a><\/td>\n<td data-align='center'>12-novembre-2023<\/td>\n<td data-align='center'>4<\/td>\n<td style='text-align:left'><\/td>\n<\/tr>\n<tr style='height: 24px;'>\n<td style='text-align:left'><a href='http:\/\/joubjoub.ddns.net\/blog\/?p=47861' data-type='post'>Everything Everywhere All at Once<\/a><\/td>\n<td data-align='center'>24-f\u00e9vrier-2023<\/td>\n<td data-align='center'>4<\/td>\n<td style='text-align:left'>En famille,<\/td>\n<\/tr>\n<tr style='height: 24px;'>\n<td style='text-align:left'><a href='http:\/\/joubjoub.ddns.net\/blog\/?p=47881' data-type='post'>Evil Dead Rise<\/a><\/td>\n<td data-align='center'>15-juin-2023<\/td>\n<td data-align='center'>3<\/td>\n<td style='text-align:left'><\/td>\n<\/tr>\n<tr style='height: 24px;'>\n<td style='text-align:left'><a href='http:\/\/joubjoub.ddns.net\/blog\/?p=47905' data-type='post'>Ice Road<\/a><\/td>\n<td data-align='center'>20-ao\u00fbt-2023<\/td>\n<td data-align='center'>3<\/td>\n<td style='text-align:left'><\/td>\n<\/tr>\n<tr style='height: 24px;'>\n<td style='text-align:left'><a href='http:\/\/joubjoub.ddns.net\/blog\/?p=47885' data-type='post'>Indiana Jones et le cadran de la destin\u00e9e<\/a><\/td>\n<td data-align='center'>9-juillet-2023<\/td>\n<td data-align='center'>4<\/td>\n<td style='text-align:left'>En famille,<\/td>\n<\/tr>\n<tr style='height: 24px;'>\n<td style='text-align:left'><a href='http:\/\/joubjoub.ddns.net\/blog\/?p=47847' data-type='post'>Jungle Cruise<\/a><\/td>\n<td data-align='center'>28-janvier-2023<\/td>\n<td data-align='center'>4<\/td>\n<td style='text-align:left'>En famille,<\/td>\n<\/tr>\n<tr style='height: 24px;'>\n<td style='text-align:left'><a href='http:\/\/joubjoub.ddns.net\/blog\/?p=47859' data-type='post'>Knock at the Cabin<\/a><\/td>\n<td data-align='center'>23-f\u00e9vrier-2023<\/td>\n<td data-align='center'>2<\/td>\n<td style='text-align:left'>Adaptation, <\/td>\n<\/tr>\n<tr style='height: 24px;'>\n<td style='text-align:left'><a href='http:\/\/joubjoub.ddns.net\/blog\/?p=47867' data-type='post'>La derni\u00e8re maison sur la gauche<\/a><\/td>\n<td data-align='center'>31-mars-2023<\/td>\n<td data-align='center'>3<\/td>\n<td style='text-align:left'><\/td>\n<\/tr>\n<tr style='height: 24px;'>\n<td style='text-align:left'><a href='http:\/\/joubjoub.ddns.net\/blog\/?p=47911' data-type='post'>La main<\/a><\/td>\n<td data-align='center'>7-octobre-2023<\/td>\n<td data-align='center'>4<\/td>\n<td style='text-align:left'><\/td>\n<\/tr>\n<tr style='height: 24px;'>\n<td style='text-align:left'><a href='http:\/\/joubjoub.ddns.net\/blog\/?p=47899' data-type='post'>La page blanche<\/a><\/td>\n<td data-align='center'>11-ao\u00fbt-2023<\/td>\n<td data-align='center'>3<\/td>\n<td style='text-align:left'>Adaptation, <\/td>\n<\/tr>\n<tr style='height: 24px;'>\n<td style='text-align:left'><a href='http:\/\/joubjoub.ddns.net\/blog\/?p=47853' data-type='post'>La plan\u00e8te sauvage<\/a><\/td>\n<td data-align='center'>11-f\u00e9vrier-2023<\/td>\n<td data-align='center'>3<\/td>\n<td style='text-align:left'>Adaptation, 1001 films,<\/td>\n<\/tr>\n<tr style='height: 24px;'>\n<td style='text-align:left'><a href='http:\/\/joubjoub.ddns.net\/blog\/?p=47907' data-type='post'>Le book club mortel<\/a><\/td>\n<td data-align='center'>29-ao\u00fbt-2023<\/td>\n<td data-align='center'>3<\/td>\n<td style='text-align:left'>Adaptation, <\/td>\n<\/tr>\n<tr style='height: 24px;'>\n<td style='text-align:left'><a href='http:\/\/joubjoub.ddns.net\/blog\/?p=47903' data-type='post'>Le cinqui\u00e8me \u00e9l\u00e9ment<\/a><\/td>\n<td data-align='center'>20-ao\u00fbt-2023<\/td>\n<td data-align='center'>\u2764<\/td>\n<td style='text-align:left'><\/td>\n<\/tr>\n<tr style='height: 24px;'>\n<td style='text-align:left'><a href='http:\/\/joubjoub.ddns.net\/blog\/?p=47851' data-type='post'>Le meilleur reste \u00e0 venir<\/a><\/td>\n<td data-align='center'>7-f\u00e9vrier-2023<\/td>\n<td data-align='center'>4<\/td>\n<td style='text-align:left'><\/td>\n<\/tr>\n<tr style='height: 24px;'>\n<td style='text-align:left'><a href='http:\/\/joubjoub.ddns.net\/blog\/?p=47843' data-type='post'>Le menu<\/a><\/td>\n<td data-align='center'>20-janvier-2023<\/td>\n<td data-align='center'>4<\/td>\n<td style='text-align:left'><\/td>\n<\/tr>\n<tr style='height: 24px;'>\n<td style='text-align:left'><a href='http:\/\/joubjoub.ddns.net\/blog\/?p=47935' data-type='post'>Le retour des morts-vivants<\/a><\/td>\n<td data-align='center'>6-d\u00e9cembre-2023<\/td>\n<td data-align='center'>3<\/td>\n<td style='text-align:left'><\/td>\n<\/tr>\n<tr style='height: 24px;'>\n<td style='text-align:left'><a href='http:\/\/joubjoub.ddns.net\/blog\/?p=47873' data-type='post'>Les \u00c9ternels<\/a><\/td>\n<td data-align='center'>1-mai-2023<\/td>\n<td data-align='center'>3<\/td>\n<td style='text-align:left'><\/td>\n<\/tr>\n<tr style='height: 24px;'>\n<td style='text-align:left'><a href='http:\/\/joubjoub.ddns.net\/blog\/?p=47889' data-type='post'>Les ruines<\/a><\/td>\n<td data-align='center'>9-juillet-2023<\/td>\n<td data-align='center'>4<\/td>\n<td style='text-align:left'>Adaptation, <\/td>\n<\/tr>\n<tr style='height: 24px;'>\n<td style='text-align:left'><a href='http:\/\/joubjoub.ddns.net\/blog\/?p=47871' data-type='post'>M3GAN<\/a><\/td>\n<td data-align='center'>30-avril-2023<\/td>\n<td data-align='center'>3<\/td>\n<td style='text-align:left'><\/td>\n<\/tr>\n<tr style='height: 24px;'>\n<td style='text-align:left'><a href='http:\/\/joubjoub.ddns.net\/blog\/?p=47841' data-type='post'>Maman, j&rsquo;ai encore rat\u00e9 l&rsquo;avion !<\/a><\/td>\n<td data-align='center'>13-janvier-2023<\/td>\n<td data-align='center'>3<\/td>\n<td style='text-align:left'>En famille,<\/td>\n<\/tr>\n<tr style='height: 24px;'>\n<td style='text-align:left'><a href='http:\/\/joubjoub.ddns.net\/blog\/?p=47863' data-type='post'>Marlowe<\/a><\/td>\n<td data-align='center'>26-f\u00e9vrier-2023<\/td>\n<td data-align='center'>3<\/td>\n<td style='text-align:left'>En famille,<\/td>\n<\/tr>\n<tr style='height: 24px;'>\n<td style='text-align:left'><a href='http:\/\/joubjoub.ddns.net\/blog\/?p=47939' data-type='post'>M\u00e9moire meutri\u00e8re<\/a><\/td>\n<td data-align='center'>15-d\u00e9cembre-2023<\/td>\n<td data-align='center'>3<\/td>\n<td style='text-align:left'>Adaptation, <\/td>\n<\/tr>\n<tr style='height: 24px;'>\n<td style='text-align:left'><a href='http:\/\/joubjoub.ddns.net\/blog\/?p=47893' data-type='post'>Mission : Impossible &#8211; Dead Reckoning Partie 1<\/a><\/td>\n<td data-align='center'>14-juillet-2023<\/td>\n<td data-align='center'>4<\/td>\n<td style='text-align:left'>En famille,<\/td>\n<\/tr>\n<tr style='height: 24px;'>\n<td style='text-align:left'><a href='http:\/\/joubjoub.ddns.net\/blog\/?p=47933' data-type='post'>Mortal Kombat<\/a><\/td>\n<td data-align='center'>1-d\u00e9cembre-2023<\/td>\n<td data-align='center'>3<\/td>\n<td style='text-align:left'><\/td>\n<\/tr>\n<tr style='height: 24px;'>\n<td style='text-align:left'><a href='http:\/\/joubjoub.ddns.net\/blog\/?p=47879' data-type='post'>N&rsquo;oublie jamais<\/a><\/td>\n<td data-align='center'>28-mai-2023<\/td>\n<td data-align='center'>4<\/td>\n<td style='text-align:left'>En famille,<\/td>\n<\/tr>\n<tr style='height: 24px;'>\n<td style='text-align:left'><a href='http:\/\/joubjoub.ddns.net\/blog\/?p=47937' data-type='post'>Ogre<\/a><\/td>\n<td data-align='center'>10-d\u00e9cembre-2023<\/td>\n<td data-align='center'>2<\/td>\n<td style='text-align:left'><\/td>\n<\/tr>\n<tr style='height: 24px;'>\n<td style='text-align:left'><a href='http:\/\/joubjoub.ddns.net\/blog\/?p=47925' data-type='post'>Saw X<\/a><\/td>\n<td data-align='center'>10-novembre-2023<\/td>\n<td data-align='center'>4<\/td>\n<td style='text-align:left'><\/td>\n<\/tr>\n<tr style='height: 24px;'>\n<td style='text-align:left'><a href='http:\/\/joubjoub.ddns.net\/blog\/?p=47855' data-type='post'>Scream<\/a><\/td>\n<td data-align='center'>17-f\u00e9vrier-2023<\/td>\n<td data-align='center'>3<\/td>\n<td style='text-align:left'><\/td>\n<\/tr>\n<tr style='height: 24px;'>\n<td style='text-align:left'><a href='http:\/\/joubjoub.ddns.net\/blog\/?p=47923' data-type='post'>Scream<\/a><\/td>\n<td data-align='center'>31-octobre-2023<\/td>\n<td data-align='center'>4<\/td>\n<td style='text-align:left'><\/td>\n<\/tr>\n<tr style='height: 24px;'>\n<td style='text-align:left'><a href='http:\/\/joubjoub.ddns.net\/blog\/?p=47917' data-type='post'>Scream VI<\/a><\/td>\n<td data-align='center'>23-octobre-2023<\/td>\n<td data-align='center'>3<\/td>\n<td style='text-align:left'><\/td>\n<\/tr>\n<tr style='height: 24px;'>\n<td style='text-align:left'><a href='http:\/\/joubjoub.ddns.net\/blog\/?p=47887' data-type='post'>Sisu : De l&rsquo;or et du sang<\/a><\/td>\n<td data-align='center'>9-juillet-2023<\/td>\n<td data-align='center'>3<\/td>\n<td style='text-align:left'><\/td>\n<\/tr>\n<tr style='height: 24px;'>\n<td style='text-align:left'><a href='http:\/\/joubjoub.ddns.net\/blog\/?p=47877' data-type='post'>Super Mario Bros. le film<\/a><\/td>\n<td data-align='center'>8-mai-2023<\/td>\n<td data-align='center'>4<\/td>\n<td style='text-align:left'>En famille,<\/td>\n<\/tr>\n<tr style='height: 24px;'>\n<td style='text-align:left'><a href='http:\/\/joubjoub.ddns.net\/blog\/?p=47901' data-type='post'>Tetris<\/a><\/td>\n<td data-align='center'>14-ao\u00fbt-2023<\/td>\n<td data-align='center'>4<\/td>\n<td style='text-align:left'><\/td>\n<\/tr>\n<tr style='height: 24px;'>\n<td style='text-align:left'><a href='http:\/\/joubjoub.ddns.net\/blog\/?p=47875' data-type='post'>The Card Counter<\/a><\/td>\n<td data-align='center'>3-mai-2023<\/td>\n<td data-align='center'>3<\/td>\n<td style='text-align:left'><\/td>\n<\/tr>\n<tr style='height: 24px;'>\n<td style='text-align:left'><a href='http:\/\/joubjoub.ddns.net\/blog\/?p=47931' data-type='post'>The Creator<\/a><\/td>\n<td data-align='center'>15-novembre-2023<\/td>\n<td data-align='center'>4<\/td>\n<td style='text-align:left'><\/td>\n<\/tr>\n<tr style='height: 24px;'>\n<td style='text-align:left'><a href='http:\/\/joubjoub.ddns.net\/blog\/?p=47929' data-type='post'>The Killer<\/a><\/td>\n<td data-align='center'>15-novembre-2023<\/td>\n<td data-align='center'>4<\/td>\n<td style='text-align:left'>Adaptation, <\/td>\n<\/tr>\n<tr style='height: 24px;'>\n<td style='text-align:left'><a href='http:\/\/joubjoub.ddns.net\/blog\/?p=47891' data-type='post'>The Raid<\/a><\/td>\n<td data-align='center'>12-juillet-2023<\/td>\n<td data-align='center'>4<\/td>\n<td style='text-align:left'><\/td>\n<\/tr>\n<tr style='height: 24px;'>\n<td style='text-align:left'><a href='http:\/\/joubjoub.ddns.net\/blog\/?p=47895' data-type='post'>Top Gun<\/a><\/td>\n<td data-align='center'>16-juillet-2023<\/td>\n<td data-align='center'>3<\/td>\n<td style='text-align:left'>1001 films,En famille,<\/td>\n<\/tr>\n<tr style='height: 24px;'>\n<td style='text-align:left'><a href='http:\/\/joubjoub.ddns.net\/blog\/?p=47897' data-type='post'>Uncharted<\/a><\/td>\n<td data-align='center'>31-juillet-2023<\/td>\n<td data-align='center'>3<\/td>\n<td style='text-align:left'><\/td>\n<\/tr>\n<\/tbody>\n<tfoot>\n<tr style=\"height: 24px;\">\n<td class=\"has-text-align-left\" style=\"height: 24px; font-size: 18px;\" data-align=\"left\"><span class=\"has-inline-color has-vivid-cyan-blue-color\"><strong>TOTAL : 52 films vus en 2023<\/strong><\/span><\/td>\n<td class=\"has-text-align-center\" style=\"height: 24px;\" data-align=\"center\">\u00a0<\/td>\n<td class=\"has-text-align-center\" style=\"height: 24px;\" data-align=\"center\">\u00a0<\/td>\n<td class=\"has-text-align-center\" style=\"height: 24px;\" data-align=\"center\">\u00a0<\/td>\n<\/tr>\n<\/tfoot>\n<\/table>\n<p><\/center><\/p>\n","protected":false},"excerpt":{"rendered":"<p>Titre Date Note Commentaires 65 : La terre d&rsquo;avant 25-octobre-2023 3 Aladdin 1-avril-2023 3 En famille, Antigang : La rel\u00e8ve 21-octobre-2023 3 Ast\u00e9rix &#038; Ob\u00e9lix : L&#8217;empire du milieu 27-f\u00e9vrier-2023 3 En famille, Balle perdue 2 4-f\u00e9vrier-2023 3 Black Phone 27-octobre-2023 3 Adaptation, Bloody Bird 15-juin-2023 3 Destination finale 15-d\u00e9cembre-2023 3 Doctor Strange 18-f\u00e9vrier-2023 3 En famille,Franchise \u00ab\u00a0M.C.U.\u00a0\u00bb, Doctor Strange&#46;&#46;&#46;<\/p>\n","protected":false},"author":1,"featured_media":0,"parent":0,"menu_order":0,"comment_status":"closed","ping_status":"closed","template":"","meta":{"footnotes":""},"class_list":["post-47943","page","type-page","status-publish","hentry"],"_links":{"self":[{"href":"https:\/\/joubjoub.ddns.net\/blog\/index.php?rest_route=\/wp\/v2\/pages\/47943","targetHints":{"allow":["GET"]}}],"collection":[{"href":"https:\/\/joubjoub.ddns.net\/blog\/index.php?rest_route=\/wp\/v2\/pages"}],"about":[{"href":"https:\/\/joubjoub.ddns.net\/blog\/index.php?rest_route=\/wp\/v2\/types\/page"}],"author":[{"embeddable":true,"href":"https:\/\/joubjoub.ddns.net\/blog\/index.php?rest_route=\/wp\/v2\/users\/1"}],"replies":[{"embeddable":true,"href":"https:\/\/joubjoub.ddns.net\/blog\/index.php?rest_route=%2Fwp%2Fv2%2Fcomments&post=47943"}],"version-history":[{"count":2,"href":"https:\/\/joubjoub.ddns.net\/blog\/index.php?rest_route=\/wp\/v2\/pages\/47943\/revisions"}],"predecessor-version":[{"id":48102,"href":"https:\/\/joubjoub.ddns.net\/blog\/index.php?rest_route=\/wp\/v2\/pages\/47943\/revisions\/48102"}],"wp:attachment":[{"href":"https:\/\/joubjoub.ddns.net\/blog\/index.php?rest_route=%2Fwp%2Fv2%2Fmedia&parent=47943"}],"curies":[{"name":"wp","href":"https:\/\/api.w.org\/{rel}","templated":true}]}}