{"id":48922,"date":"2025-06-18T13:13:03","date_gmt":"2025-06-18T11:13:03","guid":{"rendered":"https:\/\/joubjoub.ddns.net\/blog\/?page_id=48922"},"modified":"2025-06-18T13:13:03","modified_gmt":"2025-06-18T11:13:03","slug":"livres-lus-en-2015","status":"publish","type":"page","link":"https:\/\/joubjoub.ddns.net\/blog\/?page_id=48922","title":{"rendered":"Livres lus en 2015"},"content":{"rendered":"<p><center><\/p>\n<table style=\"width: 90%;\">\n<thead>\n<tr style='height: 24px; font-size: 18px;'>\n<th style='text-align:left'>Titre<\/th>\n<th style='text-align:left'>Auteur<\/th>\n<th data-align='center'>Date<\/th>\n<th data-align='center'>Note<\/th>\n<th data-align='center'>Commentaires<\/th>\n<\/tr>\n<\/thead>\n<tbody>\n<tr style='height: 24px;'>\n<td style='text-align:left'><a href='https:\/\/joubjoub.ddns.net\/blog\/?p=48824' data-type='post'>Assise : Une rencontre inattendue<\/a><\/td>\n<td style='text-align:left'>CHENG Fran\u00e7ois<\/td>\n<td data-align='center'>16-janvier-2015<\/td>\n<td data-align='center'>3<\/td>\n<td style='text-align:left'><\/td>\n<\/tr>\n<tr style='height: 24px;'>\n<td style='text-align:left'><a href='https:\/\/joubjoub.ddns.net\/blog\/?p=48854' data-type='post'>Berezina<\/a><\/td>\n<td style='text-align:left'>TESSON Sylvain<\/td>\n<td data-align='center'>11-avril-2015<\/td>\n<td data-align='center'>4<\/td>\n<td style='text-align:left'><\/td>\n<\/tr>\n<tr style='height: 24px;'>\n<td style='text-align:left'><a href='https:\/\/joubjoub.ddns.net\/blog\/?p=48820' data-type='post'>Central Park<\/a><\/td>\n<td style='text-align:left'>MUSSO Guillaume<\/td>\n<td data-align='center'>15-janvier-2015<\/td>\n<td data-align='center'>\u2764<\/td>\n<td style='text-align:left'><\/td>\n<\/tr>\n<tr style='height: 24px;'>\n<td style='text-align:left'><a href='https:\/\/joubjoub.ddns.net\/blog\/?p=48884' data-type='post'>Dans l\u2019ab\u00eeme du temps<\/a><\/td>\n<td style='text-align:left'>LOVECRAFT Howard Phillips<\/td>\n<td data-align='center'>20-juillet-2015<\/td>\n<td data-align='center'>3.5<\/td>\n<td style='text-align:left'><\/td>\n<\/tr>\n<tr style='height: 24px;'>\n<td style='text-align:left'><a href='https:\/\/joubjoub.ddns.net\/blog\/?p=48916' data-type='post'>Debout-pay\u00e9<\/a><\/td>\n<td style='text-align:left'>GAUZ<\/td>\n<td data-align='center'>10-d\u00e9cembre-2015<\/td>\n<td data-align='center'>4<\/td>\n<td style='text-align:left'><\/td>\n<\/tr>\n<tr style='height: 24px;'>\n<td style='text-align:left'><a href='https:\/\/joubjoub.ddns.net\/blog\/?p=48894' data-type='post'>Divergente \u2013 01<\/a><\/td>\n<td style='text-align:left'>ROTH Veronica<\/td>\n<td data-align='center'>3-ao\u00fbt-2015<\/td>\n<td data-align='center'>\u2764<\/td>\n<td style='text-align:left'><\/td>\n<\/tr>\n<tr style='height: 24px;'>\n<td style='text-align:left'><a href='https:\/\/joubjoub.ddns.net\/blog\/?p=48896' data-type='post'>Divergente \u2013 02<\/a><\/td>\n<td style='text-align:left'>ROTH Veronica<\/td>\n<td data-align='center'>8-ao\u00fbt-2015<\/td>\n<td data-align='center'>3.5<\/td>\n<td style='text-align:left'><\/td>\n<\/tr>\n<tr style='height: 24px;'>\n<td style='text-align:left'><a href='https:\/\/joubjoub.ddns.net\/blog\/?p=48898' data-type='post'>Divergente \u2013 03<\/a><\/td>\n<td style='text-align:left'>ROTH Veronica<\/td>\n<td data-align='center'>18-ao\u00fbt-2015<\/td>\n<td data-align='center'>4.5<\/td>\n<td style='text-align:left'><\/td>\n<\/tr>\n<tr style='height: 24px;'>\n<td style='text-align:left'><a href='https:\/\/joubjoub.ddns.net\/blog\/?p=48906' data-type='post'>Divergente racont\u00e9 par Quatre<\/a><\/td>\n<td style='text-align:left'>ROTH Veronica<\/td>\n<td data-align='center'>10-septembre-2015<\/td>\n<td data-align='center'>4<\/td>\n<td style='text-align:left'><\/td>\n<\/tr>\n<tr style='height: 24px;'>\n<td style='text-align:left'><a href='https:\/\/joubjoub.ddns.net\/blog\/?p=48858' data-type='post'>Drive<\/a><\/td>\n<td style='text-align:left'>SALLIS James<\/td>\n<td data-align='center'>12-mai-2015<\/td>\n<td data-align='center'>4<\/td>\n<td style='text-align:left'><\/td>\n<\/tr>\n<tr style='height: 24px;'>\n<td style='text-align:left'><a href='https:\/\/joubjoub.ddns.net\/blog\/?p=48834' data-type='post'>En France<\/a><\/td>\n<td style='text-align:left'>AUBENAS Florence<\/td>\n<td data-align='center'>9-f\u00e9vrier-2015<\/td>\n<td data-align='center'>\u2764<\/td>\n<td style='text-align:left'><\/td>\n<\/tr>\n<tr style='height: 24px;'>\n<td style='text-align:left'><a href='https:\/\/joubjoub.ddns.net\/blog\/?p=48850' data-type='post'>Et tu n\u2019es pas revenu<\/a><\/td>\n<td style='text-align:left'>LORIDAN-IVENS Marceline<\/td>\n<td data-align='center'>1-avril-2015<\/td>\n<td data-align='center'>4<\/td>\n<td style='text-align:left'><\/td>\n<\/tr>\n<tr style='height: 24px;'>\n<td style='text-align:left'><a href='https:\/\/joubjoub.ddns.net\/blog\/?p=48888' data-type='post'>\u00c9tranges rivages<\/a><\/td>\n<td style='text-align:left'>INDRIDASON Arnaldur<\/td>\n<td data-align='center'>24-juillet-2015<\/td>\n<td data-align='center'>\u2764<\/td>\n<td style='text-align:left'><\/td>\n<\/tr>\n<tr style='height: 24px;'>\n<td style='text-align:left'><a href='https:\/\/joubjoub.ddns.net\/blog\/?p=48914' data-type='post'>Fun\u00e9railles c\u00e9lestes<\/a><\/td>\n<td style='text-align:left'>XINRAN<\/td>\n<td data-align='center'>4-d\u00e9cembre-2015<\/td>\n<td data-align='center'>4<\/td>\n<td style='text-align:left'><\/td>\n<\/tr>\n<tr style='height: 24px;'>\n<td style='text-align:left'><a href='https:\/\/joubjoub.ddns.net\/blog\/?p=48856' data-type='post'>H\u00e9lo\u00efse, ouille !<\/a><\/td>\n<td style='text-align:left'>TEUL\u00c9 Jean<\/td>\n<td data-align='center'>1-mai-2015<\/td>\n<td data-align='center'>\u2764<\/td>\n<td style='text-align:left'><\/td>\n<\/tr>\n<tr style='height: 24px;'>\n<td style='text-align:left'><a href='https:\/\/joubjoub.ddns.net\/blog\/?p=48918' data-type='post'>Joseph<\/a><\/td>\n<td style='text-align:left'>LAFON Marie-H\u00e9l\u00e8ne<\/td>\n<td data-align='center'>16-d\u00e9cembre-2015<\/td>\n<td data-align='center'>4<\/td>\n<td style='text-align:left'><\/td>\n<\/tr>\n<tr style='height: 24px;'>\n<td style='text-align:left'><a href='https:\/\/joubjoub.ddns.net\/blog\/?p=48870' data-type='post'>Ka\u00efken<\/a><\/td>\n<td style='text-align:left'>GRANG\u00c9 Jean-Christophe<\/td>\n<td data-align='center'>1-juin-2015<\/td>\n<td data-align='center'>4.5<\/td>\n<td style='text-align:left'><\/td>\n<\/tr>\n<tr style='height: 24px;'>\n<td style='text-align:left'><a href='https:\/\/joubjoub.ddns.net\/blog\/?p=48908' data-type='post'>L\u2019\u00e9crivain national<\/a><\/td>\n<td style='text-align:left'>JONCOUR Serge<\/td>\n<td data-align='center'>22-septembre-2015<\/td>\n<td data-align='center'>\u2764<\/td>\n<td style='text-align:left'><\/td>\n<\/tr>\n<tr style='height: 24px;'>\n<td style='text-align:left'><a href='https:\/\/joubjoub.ddns.net\/blog\/?p=48886' data-type='post'>L\u2019\u00e9preuve \u2013 01 \u2013 Le labyrinthe<\/a><\/td>\n<td style='text-align:left'>DASHNER James<\/td>\n<td data-align='center'>22-juillet-2015<\/td>\n<td data-align='center'>\u2764<\/td>\n<td style='text-align:left'><\/td>\n<\/tr>\n<tr style='height: 24px;'>\n<td style='text-align:left'><a href='https:\/\/joubjoub.ddns.net\/blog\/?p=48890' data-type='post'>L\u2019\u00e9preuve \u2013 02 \u2013 La terre br\u00fbl\u00e9e<\/a><\/td>\n<td style='text-align:left'>DASHNER James<\/td>\n<td data-align='center'>28-juillet-2015<\/td>\n<td data-align='center'>4<\/td>\n<td style='text-align:left'><\/td>\n<\/tr>\n<tr style='height: 24px;'>\n<td style='text-align:left'><a href='https:\/\/joubjoub.ddns.net\/blog\/?p=48892' data-type='post'>L\u2019\u00e9preuve \u2013 03 \u2013 Le rem\u00e8de mortel<\/a><\/td>\n<td style='text-align:left'>DASHNER James<\/td>\n<td data-align='center'>31-juillet-2015<\/td>\n<td data-align='center'>3<\/td>\n<td style='text-align:left'><\/td>\n<\/tr>\n<tr style='height: 24px;'>\n<td style='text-align:left'><a href='https:\/\/joubjoub.ddns.net\/blog\/?p=48912' data-type='post'>L\u2019\u00e9preuve \u2013 Avant le labyrinthe \u2013 Pr\u00e9quel \u2013 L\u2019ordre de tuer<\/a><\/td>\n<td style='text-align:left'>DASHNER James<\/td>\n<td data-align='center'>2-octobre-2015<\/td>\n<td data-align='center'>4<\/td>\n<td style='text-align:left'><\/td>\n<\/tr>\n<tr style='height: 24px;'>\n<td style='text-align:left'><a href='https:\/\/joubjoub.ddns.net\/blog\/?p=48848' data-type='post'>L\u2019homme qui ment<\/a><\/td>\n<td style='text-align:left'>LAVOINE Marc<\/td>\n<td data-align='center'>1-avril-2015<\/td>\n<td data-align='center'>\u2764<\/td>\n<td style='text-align:left'><\/td>\n<\/tr>\n<tr style='height: 24px;'>\n<td style='text-align:left'><a href='https:\/\/joubjoub.ddns.net\/blog\/?p=48846' data-type='post'>L\u2019\u0153uf de dragon<\/a><\/td>\n<td style='text-align:left'>MARTIN George R.R.<\/td>\n<td data-align='center'>30-mars-2015<\/td>\n<td data-align='center'>4<\/td>\n<td style='text-align:left'><\/td>\n<\/tr>\n<tr style='height: 24px;'>\n<td style='text-align:left'><a href='https:\/\/joubjoub.ddns.net\/blog\/?p=48902' data-type='post'>La cit\u00e9 des Jarres<\/a><\/td>\n<td style='text-align:left'>INDRIDASON Arnaldur<\/td>\n<td data-align='center'>6-septembre-2015<\/td>\n<td data-align='center'>\u2764<\/td>\n<td style='text-align:left'><\/td>\n<\/tr>\n<tr style='height: 24px;'>\n<td style='text-align:left'><a href='https:\/\/joubjoub.ddns.net\/blog\/?p=48910' data-type='post'>La Fille du train<\/a><\/td>\n<td style='text-align:left'>HAWKINS Paula<\/td>\n<td data-align='center'>29-septembre-2015<\/td>\n<td data-align='center'>4<\/td>\n<td style='text-align:left'><\/td>\n<\/tr>\n<tr style='height: 24px;'>\n<td style='text-align:left'><a href='https:\/\/joubjoub.ddns.net\/blog\/?p=48840' data-type='post'>La gaiet\u00e9<\/a><\/td>\n<td style='text-align:left'>L\u00c9VY Justine<\/td>\n<td data-align='center'>5-mars-2015<\/td>\n<td data-align='center'>\u2764<\/td>\n<td style='text-align:left'><\/td>\n<\/tr>\n<tr style='height: 24px;'>\n<td style='text-align:left'><a href='https:\/\/joubjoub.ddns.net\/blog\/?p=48874' data-type='post'>La guerre des mondes<\/a><\/td>\n<td style='text-align:left'>WELLS H.G.<\/td>\n<td data-align='center'>6-juillet-2015<\/td>\n<td data-align='center'>4<\/td>\n<td style='text-align:left'><\/td>\n<\/tr>\n<tr style='height: 24px;'>\n<td style='text-align:left'><a href='https:\/\/joubjoub.ddns.net\/blog\/?p=48872' data-type='post'>La magie du rangement<\/a><\/td>\n<td style='text-align:left'>KONDO Marie<\/td>\n<td data-align='center'>2-juin-2015<\/td>\n<td data-align='center'>4<\/td>\n<td style='text-align:left'><\/td>\n<\/tr>\n<tr style='height: 24px;'>\n<td style='text-align:left'><a href='https:\/\/joubjoub.ddns.net\/blog\/?p=48862' data-type='post'>La nouvelle vie d\u2019Ars\u00e8ne Lupin<\/a><\/td>\n<td style='text-align:left'>GOETZ Adrien<\/td>\n<td data-align='center'>19-mai-2015<\/td>\n<td data-align='center'>\u2764<\/td>\n<td style='text-align:left'><\/td>\n<\/tr>\n<tr style='height: 24px;'>\n<td style='text-align:left'><a href='https:\/\/joubjoub.ddns.net\/blog\/?p=48852' data-type='post'>La petite fille qui avait aval\u00e9 un nuage grand comme la tour Eiffel<\/a><\/td>\n<td style='text-align:left'>PU\u00c9RTOLAS Romain<\/td>\n<td data-align='center'>4-avril-2015<\/td>\n<td data-align='center'>\u2764<\/td>\n<td style='text-align:left'><\/td>\n<\/tr>\n<tr style='height: 24px;'>\n<td style='text-align:left'><a href='https:\/\/joubjoub.ddns.net\/blog\/?p=48868' data-type='post'>La vie est facile, ne t\u2019inqui\u00e8te pas<\/a><\/td>\n<td style='text-align:left'>MARTIN-LUGAND Agn\u00e8s<\/td>\n<td data-align='center'>25-mai-2015<\/td>\n<td data-align='center'>4<\/td>\n<td style='text-align:left'><\/td>\n<\/tr>\n<tr style='height: 24px;'>\n<td style='text-align:left'><a href='https:\/\/joubjoub.ddns.net\/blog\/?p=48876' data-type='post'>La vieille qui voulait tuer le bon dieu<\/a><\/td>\n<td style='text-align:left'>MONFILS Nadine<\/td>\n<td data-align='center'>7-juillet-2015<\/td>\n<td data-align='center'>\u2764<\/td>\n<td style='text-align:left'><\/td>\n<\/tr>\n<tr style='height: 24px;'>\n<td style='text-align:left'><a href='https:\/\/joubjoub.ddns.net\/blog\/?p=48904' data-type='post'>Le crime du comte Neville<\/a><\/td>\n<td style='text-align:left'>NOTHOMB Am\u00e9lie<\/td>\n<td data-align='center'>7-septembre-2015<\/td>\n<td data-align='center'>4<\/td>\n<td style='text-align:left'><\/td>\n<\/tr>\n<tr style='height: 24px;'>\n<td style='text-align:left'><a href='https:\/\/joubjoub.ddns.net\/blog\/?p=48844' data-type='post'>Le principe<\/a><\/td>\n<td style='text-align:left'>FERRARI J\u00e9r\u00f4me<\/td>\n<td data-align='center'>21-mars-2015<\/td>\n<td data-align='center'>4<\/td>\n<td style='text-align:left'><\/td>\n<\/tr>\n<tr style='height: 24px;'>\n<td style='text-align:left'><a href='https:\/\/joubjoub.ddns.net\/blog\/?p=48816' data-type='post'>Le roi en jaune<\/a><\/td>\n<td style='text-align:left'>CHAMBERS Robert W.<\/td>\n<td data-align='center'>9-janvier-2015<\/td>\n<td data-align='center'>4<\/td>\n<td style='text-align:left'><\/td>\n<\/tr>\n<tr style='height: 24px;'>\n<td style='text-align:left'><a href='https:\/\/joubjoub.ddns.net\/blog\/?p=48880' data-type='post'>Les 100<\/a><\/td>\n<td style='text-align:left'>MORGAN Kass<\/td>\n<td data-align='center'>16-juillet-2015<\/td>\n<td data-align='center'>4<\/td>\n<td style='text-align:left'><\/td>\n<\/tr>\n<tr style='height: 24px;'>\n<td style='text-align:left'><a href='https:\/\/joubjoub.ddns.net\/blog\/?p=48900' data-type='post'>Les 100 \u2013 02 \u2013 21e jour<\/a><\/td>\n<td style='text-align:left'>MORGAN Kass<\/td>\n<td data-align='center'>23-ao\u00fbt-2015<\/td>\n<td data-align='center'>4<\/td>\n<td style='text-align:left'><\/td>\n<\/tr>\n<tr style='height: 24px;'>\n<td style='text-align:left'><a href='https:\/\/joubjoub.ddns.net\/blog\/?p=48818' data-type='post'>Level 26 \u2013 03 \u2013 Dark revelations<\/a><\/td>\n<td style='text-align:left'>ZUIKER Anthony E.<\/td>\n<td data-align='center'>14-janvier-2015<\/td>\n<td data-align='center'>\u2764<\/td>\n<td style='text-align:left'><\/td>\n<\/tr>\n<tr style='height: 24px;'>\n<td style='text-align:left'><a href='https:\/\/joubjoub.ddns.net\/blog\/?p=48866' data-type='post'>Malaise dans l\u2019inculture<\/a><\/td>\n<td style='text-align:left'>VAL Philippe<\/td>\n<td data-align='center'>25-mai-2015<\/td>\n<td data-align='center'>4.5<\/td>\n<td style='text-align:left'><\/td>\n<\/tr>\n<tr style='height: 24px;'>\n<td style='text-align:left'><a href='https:\/\/joubjoub.ddns.net\/blog\/?p=48828' data-type='post'>Mourir de penser<\/a><\/td>\n<td style='text-align:left'>QUIGNARD Pascal<\/td>\n<td data-align='center'>27-janvier-2015<\/td>\n<td data-align='center'>4<\/td>\n<td style='text-align:left'><\/td>\n<\/tr>\n<tr style='height: 24px;'>\n<td style='text-align:left'><a href='https:\/\/joubjoub.ddns.net\/blog\/?p=48878' data-type='post'>Mr Mercedes<\/a><\/td>\n<td style='text-align:left'>KING Stephen<\/td>\n<td data-align='center'>14-juillet-2015<\/td>\n<td data-align='center'>\u2764<\/td>\n<td style='text-align:left'><\/td>\n<\/tr>\n<tr style='height: 24px;'>\n<td style='text-align:left'><a href='https:\/\/joubjoub.ddns.net\/blog\/?p=48836' data-type='post'>Ne l\u00e2che pas ma main<\/a><\/td>\n<td style='text-align:left'>BUSSI Michel<\/td>\n<td data-align='center'>16-f\u00e9vrier-2015<\/td>\n<td data-align='center'>\u2764<\/td>\n<td style='text-align:left'><\/td>\n<\/tr>\n<tr style='height: 24px;'>\n<td style='text-align:left'><a href='https:\/\/joubjoub.ddns.net\/blog\/?p=48882' data-type='post'>Num\u00e9ro z\u00e9ro<\/a><\/td>\n<td style='text-align:left'>ECO Umberto<\/td>\n<td data-align='center'>19-juillet-2015<\/td>\n<td data-align='center'>3.5<\/td>\n<td style='text-align:left'><\/td>\n<\/tr>\n<tr style='height: 24px;'>\n<td style='text-align:left'><a href='https:\/\/joubjoub.ddns.net\/blog\/?p=48826' data-type='post'>Peine perdue<\/a><\/td>\n<td style='text-align:left'>ADAM Olivier<\/td>\n<td data-align='center'>22-janvier-2015<\/td>\n<td data-align='center'>\u2764<\/td>\n<td style='text-align:left'><\/td>\n<\/tr>\n<tr style='height: 24px;'>\n<td style='text-align:left'><a href='https:\/\/joubjoub.ddns.net\/blog\/?p=48822' data-type='post'>Si je reste<\/a><\/td>\n<td style='text-align:left'>FORMAN Gayle<\/td>\n<td data-align='center'>16-janvier-2015<\/td>\n<td data-align='center'>4<\/td>\n<td style='text-align:left'><\/td>\n<\/tr>\n<tr style='height: 24px;'>\n<td style='text-align:left'><a href='https:\/\/joubjoub.ddns.net\/blog\/?p=48838' data-type='post'>Soumission<\/a><\/td>\n<td style='text-align:left'>HOUELLEBECQ Michel<\/td>\n<td data-align='center'>26-f\u00e9vrier-2015<\/td>\n<td data-align='center'>4<\/td>\n<td style='text-align:left'><\/td>\n<\/tr>\n<tr style='height: 24px;'>\n<td style='text-align:left'><a href='https:\/\/joubjoub.ddns.net\/blog\/?p=48832' data-type='post'>Troisi\u00e8me humanit\u00e9 \u2013 03 \u2013 La voix de la Terre<\/a><\/td>\n<td style='text-align:left'>WERBER Bernard<\/td>\n<td data-align='center'>6-f\u00e9vrier-2015<\/td>\n<td data-align='center'>3.5<\/td>\n<td style='text-align:left'><\/td>\n<\/tr>\n<tr style='height: 24px;'>\n<td style='text-align:left'><a href='https:\/\/joubjoub.ddns.net\/blog\/?p=48864' data-type='post'>Un homme en fuite<\/a><\/td>\n<td style='text-align:left'>POIVRE D\u2019ARVOR Patrick<\/td>\n<td data-align='center'>20-mai-2015<\/td>\n<td data-align='center'>4<\/td>\n<td style='text-align:left'><\/td>\n<\/tr>\n<tr style='height: 24px;'>\n<td style='text-align:left'><a href='https:\/\/joubjoub.ddns.net\/blog\/?p=48830' data-type='post'>Un homme, \u00e7a ne pleure pas<\/a><\/td>\n<td style='text-align:left'>GU\u00c8NE Fa\u00efza<\/td>\n<td data-align='center'>29-janvier-2015<\/td>\n<td data-align='center'>4<\/td>\n<td style='text-align:left'><\/td>\n<\/tr>\n<tr style='height: 24px;'>\n<td style='text-align:left'><a href='https:\/\/joubjoub.ddns.net\/blog\/?p=48842' data-type='post'>Un membre permanent de la famille<\/a><\/td>\n<td style='text-align:left'>BANKS Russel<\/td>\n<td data-align='center'>19-mars-2015<\/td>\n<td data-align='center'>4<\/td>\n<td style='text-align:left'><\/td>\n<\/tr>\n<tr style='height: 24px;'>\n<td style='text-align:left'><a href='https:\/\/joubjoub.ddns.net\/blog\/?p=48860' data-type='post'>Une simple lettre d\u2019amour<\/a><\/td>\n<td style='text-align:left'>MOIX Yann<\/td>\n<td data-align='center'>14-mai-2015<\/td>\n<td data-align='center'>\u2764<\/td>\n<td style='text-align:left'><\/td>\n<\/tr>\n<\/tbody>\n<tfoot>\n<tr style=\"height: 24px;\">\n<td class=\"has-text-align-left\" style=\"height: 24px; font-size: 18px;\" data-align=\"left\"><span class=\"has-inline-color has-vivid-cyan-blue-color\"><strong>TOTAL : 52 livres lus en 2015<\/strong><\/span><\/td>\n<td class=\"has-text-align-center\" style=\"height: 24px;\" data-align=\"center\"> <\/td>\n<td class=\"has-text-align-center\" style=\"height: 24px;\" data-align=\"center\"> <\/td>\n<td class=\"has-text-align-center\" style=\"height: 24px;\" data-align=\"center\"> <\/td>\n<td class=\"has-text-align-center\" style=\"height: 24px;\" data-align=\"center\"> <\/td>\n<\/tr>\n<\/tfoot>\n<\/table>\n<p><\/center><\/p>\n","protected":false},"excerpt":{"rendered":"<p>Titre Auteur Date Note Commentaires Assise : Une rencontre inattendue CHENG Fran\u00e7ois 16-janvier-2015 3 Berezina TESSON Sylvain 11-avril-2015 4 Central Park MUSSO Guillaume 15-janvier-2015 \u2764 Dans l\u2019ab\u00eeme du temps LOVECRAFT Howard Phillips 20-juillet-2015 3.5 Debout-pay\u00e9 GAUZ 10-d\u00e9cembre-2015 4 Divergente \u2013 01 ROTH Veronica 3-ao\u00fbt-2015 \u2764 Divergente \u2013 02 ROTH Veronica 8-ao\u00fbt-2015 3.5 Divergente \u2013 03 ROTH Veronica 18-ao\u00fbt-2015 4.5 Divergente&#46;&#46;&#46;<\/p>\n","protected":false},"author":1,"featured_media":0,"parent":0,"menu_order":0,"comment_status":"closed","ping_status":"closed","template":"","meta":{"footnotes":""},"class_list":["post-48922","page","type-page","status-publish","hentry"],"_links":{"self":[{"href":"https:\/\/joubjoub.ddns.net\/blog\/index.php?rest_route=\/wp\/v2\/pages\/48922","targetHints":{"allow":["GET"]}}],"collection":[{"href":"https:\/\/joubjoub.ddns.net\/blog\/index.php?rest_route=\/wp\/v2\/pages"}],"about":[{"href":"https:\/\/joubjoub.ddns.net\/blog\/index.php?rest_route=\/wp\/v2\/types\/page"}],"author":[{"embeddable":true,"href":"https:\/\/joubjoub.ddns.net\/blog\/index.php?rest_route=\/wp\/v2\/users\/1"}],"replies":[{"embeddable":true,"href":"https:\/\/joubjoub.ddns.net\/blog\/index.php?rest_route=%2Fwp%2Fv2%2Fcomments&post=48922"}],"version-history":[{"count":2,"href":"https:\/\/joubjoub.ddns.net\/blog\/index.php?rest_route=\/wp\/v2\/pages\/48922\/revisions"}],"predecessor-version":[{"id":49269,"href":"https:\/\/joubjoub.ddns.net\/blog\/index.php?rest_route=\/wp\/v2\/pages\/48922\/revisions\/49269"}],"wp:attachment":[{"href":"https:\/\/joubjoub.ddns.net\/blog\/index.php?rest_route=%2Fwp%2Fv2%2Fmedia&parent=48922"}],"curies":[{"name":"wp","href":"https:\/\/api.w.org\/{rel}","templated":true}]}}