{"id":49557,"date":"2025-06-18T15:58:47","date_gmt":"2025-06-18T13:58:47","guid":{"rendered":"https:\/\/joubjoub.ddns.net\/blog\/?page_id=49557"},"modified":"2025-06-18T16:02:55","modified_gmt":"2025-06-18T14:02:55","slug":"livres-lus-en-2021","status":"publish","type":"page","link":"https:\/\/joubjoub.ddns.net\/blog\/?page_id=49557","title":{"rendered":"Livres lus en 2021"},"content":{"rendered":"<p><center><\/p>\n<table style=\"width: 90%;\">\n<thead>\n<tr style='height: 24px; font-size: 18px;'>\n<th style='text-align:left'>Titre<\/th>\n<th style='text-align:left'>Auteur<\/th>\n<th data-align='center'>Date<\/th>\n<th data-align='center'>Note<\/th>\n<th data-align='center'>Commentaires<\/th>\n<\/tr>\n<\/thead>\n<tbody>\n<tr style='height: 24px;'>\n<td style='text-align:left'><a href='https:\/\/joubjoub.ddns.net\/blog\/?p=49453' data-type='post'>Adieu \u00e0 Berlin<\/a><\/td>\n<td style='text-align:left'>ISHERWOOD Christopher<\/td>\n<td data-align='center'>29-janvier-2021<\/td>\n<td data-align='center'>\u2764<\/td>\n<td style='text-align:left'>ABC2021,<\/td>\n<\/tr>\n<tr style='height: 24px;'>\n<td style='text-align:left'><a href='https:\/\/joubjoub.ddns.net\/blog\/?p=49439' data-type='post'>Contes<\/a><\/td>\n<td style='text-align:left'>ANDERSEN Hans Christian<\/td>\n<td data-align='center'>12-janvier-2021<\/td>\n<td data-align='center'>4<\/td>\n<td style='text-align:left'>ABC2021,<\/td>\n<\/tr>\n<tr style='height: 24px;'>\n<td style='text-align:left'><a href='https:\/\/joubjoub.ddns.net\/blog\/?p=49475' data-type='post'>Cr\u00e9nom, Baudelaire !<\/a><\/td>\n<td style='text-align:left'>TEUL\u00c9 Jean<\/td>\n<td data-align='center'>26-juillet-2021<\/td>\n<td data-align='center'>4<\/td>\n<td style='text-align:left'>ABC2021,<\/td>\n<\/tr>\n<tr style='height: 24px;'>\n<td style='text-align:left'><a href='https:\/\/joubjoub.ddns.net\/blog\/?p=49487' data-type='post'>De bons pr\u00e9sages<\/a><\/td>\n<td style='text-align:left'>GAIMAN Neil, PRATCHETT Terry<\/td>\n<td data-align='center'>16-octobre-2021<\/td>\n<td data-align='center'>4<\/td>\n<td style='text-align:left'>ABC2021,<\/td>\n<\/tr>\n<tr style='height: 24px;'>\n<td style='text-align:left'><a href='https:\/\/joubjoub.ddns.net\/blog\/?p=49455' data-type='post'>Impossible<\/a><\/td>\n<td style='text-align:left'>DE LUCA Erri<\/td>\n<td data-align='center'>19-f\u00e9vrier-2021<\/td>\n<td data-align='center'>4<\/td>\n<td style='text-align:left'>ABC2021,<\/td>\n<\/tr>\n<tr style='height: 24px;'>\n<td style='text-align:left'><a href='https:\/\/joubjoub.ddns.net\/blog\/?p=49481' data-type='post'>L\u2019art d\u2019\u00eatre fran\u00e7ais<\/a><\/td>\n<td style='text-align:left'>ONFRAY Michel<\/td>\n<td data-align='center'>21-ao\u00fbt-2021<\/td>\n<td data-align='center'>4,5<\/td>\n<td style='text-align:left'>ABC2021,<\/td>\n<\/tr>\n<tr style='height: 24px;'>\n<td style='text-align:left'><a href='https:\/\/joubjoub.ddns.net\/blog\/?p=49449' data-type='post'>L\u2019art de la guerre<\/a><\/td>\n<td style='text-align:left'>TZU Sun<\/td>\n<td data-align='center'>19-janvier-2021<\/td>\n<td data-align='center'>4<\/td>\n<td style='text-align:left'><\/td>\n<\/tr>\n<tr style='height: 24px;'>\n<td style='text-align:left'><a href='https:\/\/joubjoub.ddns.net\/blog\/?p=49483' data-type='post'>L\u2019institut<\/a><\/td>\n<td style='text-align:left'>KING Stephen<\/td>\n<td data-align='center'>4-septembre-2021<\/td>\n<td data-align='center'>\u2764<\/td>\n<td style='text-align:left'>ABC2021,<\/td>\n<\/tr>\n<tr style='height: 24px;'>\n<td style='text-align:left'><a href='https:\/\/joubjoub.ddns.net\/blog\/?p=49471' data-type='post'>La famille Martin<\/a><\/td>\n<td style='text-align:left'>FOENKINOS David<\/td>\n<td data-align='center'>15-juillet-2021<\/td>\n<td data-align='center'>4<\/td>\n<td style='text-align:left'>ABC2021,<\/td>\n<\/tr>\n<tr style='height: 24px;'>\n<td style='text-align:left'><a href='https:\/\/joubjoub.ddns.net\/blog\/?p=49473' data-type='post'>La quiche fatale<\/a><\/td>\n<td style='text-align:left'>BEATON M. C.<\/td>\n<td data-align='center'>22-juillet-2021<\/td>\n<td data-align='center'>4<\/td>\n<td style='text-align:left'>ABC2021,<\/td>\n<\/tr>\n<tr style='height: 24px;'>\n<td style='text-align:left'><a href='https:\/\/joubjoub.ddns.net\/blog\/?p=49467' data-type='post'>Le club des veufs noirs<\/a><\/td>\n<td style='text-align:left'>ASIMOV Isaac<\/td>\n<td data-align='center'>30-mars-2021<\/td>\n<td data-align='center'>4<\/td>\n<td style='text-align:left'><\/td>\n<\/tr>\n<tr style='height: 24px;'>\n<td style='text-align:left'><a href='https:\/\/joubjoub.ddns.net\/blog\/?p=49441' data-type='post'>Le c\u0153ur du p\u00e9lican<\/a><\/td>\n<td style='text-align:left'>COULON C\u00e9cile<\/td>\n<td data-align='center'>14-janvier-2021<\/td>\n<td data-align='center'>\u2764<\/td>\n<td style='text-align:left'><\/td>\n<\/tr>\n<tr style='height: 24px;'>\n<td style='text-align:left'><a href='https:\/\/joubjoub.ddns.net\/blog\/?p=49445' data-type='post'>Le fruit du dragon<\/a><\/td>\n<td style='text-align:left'>UBAC Claire<\/td>\n<td data-align='center'>16-janvier-2021<\/td>\n<td data-align='center'>3,5<\/td>\n<td style='text-align:left'>ABC2021,<\/td>\n<\/tr>\n<tr style='height: 24px;'>\n<td style='text-align:left'><a href='https:\/\/joubjoub.ddns.net\/blog\/?p=49469' data-type='post'>Le guerrier pacifique<\/a><\/td>\n<td style='text-align:left'>MILLMAN Dan<\/td>\n<td data-align='center'>5-juillet-2021<\/td>\n<td data-align='center'>4<\/td>\n<td style='text-align:left'>ABC2021,<\/td>\n<\/tr>\n<tr style='height: 24px;'>\n<td style='text-align:left'><a href='https:\/\/joubjoub.ddns.net\/blog\/?p=49485' data-type='post'>Le serpent majuscule<\/a><\/td>\n<td style='text-align:left'>LEMAITRE Pierre<\/td>\n<td data-align='center'>7-septembre-2021<\/td>\n<td data-align='center'>4<\/td>\n<td style='text-align:left'>ABC2021,<\/td>\n<\/tr>\n<tr style='height: 24px;'>\n<td style='text-align:left'><a href='https:\/\/joubjoub.ddns.net\/blog\/?p=49461' data-type='post'>Les a\u00e9rostats<\/a><\/td>\n<td style='text-align:left'>NOTHOMB Am\u00e9lie<\/td>\n<td data-align='center'>8-mars-2021<\/td>\n<td data-align='center'>\u2764<\/td>\n<td style='text-align:left'><\/td>\n<\/tr>\n<tr style='height: 24px;'>\n<td style='text-align:left'><a href='https:\/\/joubjoub.ddns.net\/blog\/?p=49465' data-type='post'>Les neuf milliards de noms de Dieu et autres nouvelles<\/a><\/td>\n<td style='text-align:left'>CLARKE Arthur C.<\/td>\n<td data-align='center'>29-mars-2021<\/td>\n<td data-align='center'>4<\/td>\n<td style='text-align:left'>ABC2021,<\/td>\n<\/tr>\n<tr style='height: 24px;'>\n<td style='text-align:left'><a href='https:\/\/joubjoub.ddns.net\/blog\/?p=49451' data-type='post'>Les sorci\u00e8res de la R\u00e9publique<\/a><\/td>\n<td style='text-align:left'>DELAUME Chlo\u00e9<\/td>\n<td data-align='center'>22-janvier-2021<\/td>\n<td data-align='center'>3,5<\/td>\n<td style='text-align:left'>ABC2021,<\/td>\n<\/tr>\n<tr style='height: 24px;'>\n<td style='text-align:left'><a href='https:\/\/joubjoub.ddns.net\/blog\/?p=49459' data-type='post'>Ma part de Gaulois<\/a><\/td>\n<td style='text-align:left'>CHERFI Magyd<\/td>\n<td data-align='center'>6-mars-2021<\/td>\n<td data-align='center'>4<\/td>\n<td style='text-align:left'><\/td>\n<\/tr>\n<tr style='height: 24px;'>\n<td style='text-align:left'><a href='https:\/\/joubjoub.ddns.net\/blog\/?p=49457' data-type='post'>Puzzles au club des veufs noirs<\/a><\/td>\n<td style='text-align:left'>ASIMOV Isaac<\/td>\n<td data-align='center'>27-f\u00e9vrier-2021<\/td>\n<td data-align='center'>\u2764<\/td>\n<td style='text-align:left'>ABC2021,<\/td>\n<\/tr>\n<tr style='height: 24px;'>\n<td style='text-align:left'><a href='https:\/\/joubjoub.ddns.net\/blog\/?p=49443' data-type='post'>Soif<\/a><\/td>\n<td style='text-align:left'>NOTHOMB Am\u00e9lie<\/td>\n<td data-align='center'>15-janvier-2021<\/td>\n<td data-align='center'>\u2764<\/td>\n<td style='text-align:left'>ABC2021,<\/td>\n<\/tr>\n<tr style='height: 24px;'>\n<td style='text-align:left'><a href='https:\/\/joubjoub.ddns.net\/blog\/?p=49479' data-type='post'>Touchez pas au grisbi !<\/a><\/td>\n<td style='text-align:left'>SIMONIN Albert<\/td>\n<td data-align='center'>14-ao\u00fbt-2021<\/td>\n<td data-align='center'>4,5<\/td>\n<td style='text-align:left'><\/td>\n<\/tr>\n<tr style='height: 24px;'>\n<td style='text-align:left'><a href='https:\/\/joubjoub.ddns.net\/blog\/?p=49477' data-type='post'>Une rose seule<\/a><\/td>\n<td style='text-align:left'>BARBERY Muriel<\/td>\n<td data-align='center'>29-juillet-2021<\/td>\n<td data-align='center'>4<\/td>\n<td style='text-align:left'><\/td>\n<\/tr>\n<tr style='height: 24px;'>\n<td style='text-align:left'><a href='https:\/\/joubjoub.ddns.net\/blog\/?p=49447' data-type='post'>Vers la beaut\u00e9<\/a><\/td>\n<td style='text-align:left'>FOENKINOS David<\/td>\n<td data-align='center'>17-janvier-2021<\/td>\n<td data-align='center'>\u2764<\/td>\n<td style='text-align:left'><\/td>\n<\/tr>\n<tr style='height: 24px;'>\n<td style='text-align:left'><a href='https:\/\/joubjoub.ddns.net\/blog\/?p=49489' data-type='post'>Vers la sobri\u00e9t\u00e9 heureuse<\/a><\/td>\n<td style='text-align:left'>RABHI Pierre<\/td>\n<td data-align='center'>21-octobre-2021<\/td>\n<td data-align='center'>4<\/td>\n<td style='text-align:left'>ABC2021,<\/td>\n<\/tr>\n<tr style='height: 24px;'>\n<td style='text-align:left'><a href='https:\/\/joubjoub.ddns.net\/blog\/?p=49463' data-type='post'>Vol de nuit<\/a><\/td>\n<td style='text-align:left'>SAINT-EXUP\u00c9RY Antoine de<\/td>\n<td data-align='center'>8-mars-2021<\/td>\n<td data-align='center'>\u2764<\/td>\n<td style='text-align:left'>ABC2021,<\/td>\n<\/tr>\n<tr style='height: 24px;'>\n<td style='text-align:left'><a href='https:\/\/joubjoub.ddns.net\/blog\/?p=49491' data-type='post'>Zadig ou la destin\u00e9e suivi de Microm\u00e9gas<\/a><\/td>\n<td style='text-align:left'>VOLTAIRE<\/td>\n<td data-align='center'>29-novembre-2021<\/td>\n<td data-align='center'>4<\/td>\n<td style='text-align:left'>ABC2021,<\/td>\n<\/tr>\n<\/tbody>\n<tfoot>\n<tr style=\"height: 24px;\">\n<td class=\"has-text-align-left\" style=\"height: 24px; font-size: 18px;\" data-align=\"left\"><span class=\"has-inline-color has-vivid-cyan-blue-color\"><strong>TOTAL : 27 livres lus en 2021<\/strong><\/span><\/td>\n<td class=\"has-text-align-center\" style=\"height: 24px;\" data-align=\"center\"> <\/td>\n<td class=\"has-text-align-center\" style=\"height: 24px;\" data-align=\"center\"> <\/td>\n<td class=\"has-text-align-center\" style=\"height: 24px;\" data-align=\"center\"> <\/td>\n<td class=\"has-text-align-center\" style=\"height: 24px;\" data-align=\"center\"> <\/td>\n<\/tr>\n<\/tfoot>\n<\/table>\n<p><\/center><\/p>\n","protected":false},"excerpt":{"rendered":"<p>Titre Auteur Date Note Commentaires Adieu \u00e0 Berlin ISHERWOOD Christopher 29-janvier-2021 \u2764 ABC2021, Contes ANDERSEN Hans Christian 12-janvier-2021 4 ABC2021, Cr\u00e9nom, Baudelaire ! TEUL\u00c9 Jean 26-juillet-2021 4 ABC2021, De bons pr\u00e9sages GAIMAN Neil, PRATCHETT Terry 16-octobre-2021 4 ABC2021, Impossible DE LUCA Erri 19-f\u00e9vrier-2021 4 ABC2021, L\u2019art d\u2019\u00eatre fran\u00e7ais ONFRAY Michel 21-ao\u00fbt-2021 4,5 ABC2021, L\u2019art de la guerre TZU Sun 19-janvier-2021&#46;&#46;&#46;<\/p>\n","protected":false},"author":1,"featured_media":0,"parent":0,"menu_order":0,"comment_status":"closed","ping_status":"closed","template":"","meta":{"footnotes":""},"class_list":["post-49557","page","type-page","status-publish","hentry"],"_links":{"self":[{"href":"https:\/\/joubjoub.ddns.net\/blog\/index.php?rest_route=\/wp\/v2\/pages\/49557","targetHints":{"allow":["GET"]}}],"collection":[{"href":"https:\/\/joubjoub.ddns.net\/blog\/index.php?rest_route=\/wp\/v2\/pages"}],"about":[{"href":"https:\/\/joubjoub.ddns.net\/blog\/index.php?rest_route=\/wp\/v2\/types\/page"}],"author":[{"embeddable":true,"href":"https:\/\/joubjoub.ddns.net\/blog\/index.php?rest_route=\/wp\/v2\/users\/1"}],"replies":[{"embeddable":true,"href":"https:\/\/joubjoub.ddns.net\/blog\/index.php?rest_route=%2Fwp%2Fv2%2Fcomments&post=49557"}],"version-history":[{"count":3,"href":"https:\/\/joubjoub.ddns.net\/blog\/index.php?rest_route=\/wp\/v2\/pages\/49557\/revisions"}],"predecessor-version":[{"id":49568,"href":"https:\/\/joubjoub.ddns.net\/blog\/index.php?rest_route=\/wp\/v2\/pages\/49557\/revisions\/49568"}],"wp:attachment":[{"href":"https:\/\/joubjoub.ddns.net\/blog\/index.php?rest_route=%2Fwp%2Fv2%2Fmedia&parent=49557"}],"curies":[{"name":"wp","href":"https:\/\/api.w.org\/{rel}","templated":true}]}}