{"id":49560,"date":"2025-06-18T16:00:24","date_gmt":"2025-06-18T14:00:24","guid":{"rendered":"https:\/\/joubjoub.ddns.net\/blog\/?page_id=49560"},"modified":"2025-06-18T16:00:24","modified_gmt":"2025-06-18T14:00:24","slug":"livres-lus-en-2022","status":"publish","type":"page","link":"https:\/\/joubjoub.ddns.net\/blog\/?page_id=49560","title":{"rendered":"Livres lus en 2022"},"content":{"rendered":"<p><center><\/p>\n<table style=\"width: 90%;\">\n<thead>\n<tr style='height: 24px; font-size: 18px;'>\n<th style='text-align:left'>Titre<\/th>\n<th style='text-align:left'>Auteur<\/th>\n<th data-align='center'>Date<\/th>\n<th data-align='center'>Note<\/th>\n<th data-align='center'>Commentaires<\/th>\n<\/tr>\n<\/thead>\n<tbody>\n<tr style='height: 24px;'>\n<td style='text-align:left'><a href='https:\/\/joubjoub.ddns.net\/blog\/?p=49535' data-type='post'>Adolphe<\/a><\/td>\n<td style='text-align:left'>CONSTANT Benjamin<\/td>\n<td data-align='center'>13-juillet-2022<\/td>\n<td data-align='center'>3<\/td>\n<td style='text-align:left'>ABC2022,<\/td>\n<\/tr>\n<tr style='height: 24px;'>\n<td style='text-align:left'><a href='https:\/\/joubjoub.ddns.net\/blog\/?p=49539' data-type='post'>Amours<\/a><\/td>\n<td style='text-align:left'>R\u00c9CONDO L\u00e9onor de<\/td>\n<td data-align='center'>14-juillet-2022<\/td>\n<td data-align='center'>4<\/td>\n<td style='text-align:left'>ABC2022,<\/td>\n<\/tr>\n<tr style='height: 24px;'>\n<td style='text-align:left'><a href='https:\/\/joubjoub.ddns.net\/blog\/?p=49497' data-type='post'>an\u00e9antir<\/a><\/td>\n<td style='text-align:left'>HOUELLEBECQ Michel<\/td>\n<td data-align='center'>20-janvier-2022<\/td>\n<td data-align='center'>\u2764<\/td>\n<td style='text-align:left'>ABC2022,<\/td>\n<\/tr>\n<tr style='height: 24px;'>\n<td style='text-align:left'><a href='https:\/\/joubjoub.ddns.net\/blog\/?p=49509' data-type='post'>C\u00e9sar<\/a><\/td>\n<td style='text-align:left'>PAGNOL Marcel<\/td>\n<td data-align='center'>13-avril-2022<\/td>\n<td data-align='center'>4<\/td>\n<td style='text-align:left'><\/td>\n<\/tr>\n<tr style='height: 24px;'>\n<td style='text-align:left'><a href='https:\/\/joubjoub.ddns.net\/blog\/?p=49515' data-type='post'>Cosm\u00e9tique de l\u2019ennemi<\/a><\/td>\n<td style='text-align:left'>NOTHOMB Am\u00e9lie<\/td>\n<td data-align='center'>25-juin-2022<\/td>\n<td data-align='center'>\u2764<\/td>\n<td style='text-align:left'>ABC2022,<\/td>\n<\/tr>\n<tr style='height: 24px;'>\n<td style='text-align:left'><a href='https:\/\/joubjoub.ddns.net\/blog\/?p=49545' data-type='post'>En attendant Bojangles<\/a><\/td>\n<td style='text-align:left'>BOURDEAUT Olivier<\/td>\n<td data-align='center'>13-septembre-2022<\/td>\n<td data-align='center'>\u2764<\/td>\n<td style='text-align:left'><\/td>\n<\/tr>\n<tr style='height: 24px;'>\n<td style='text-align:left'><a href='https:\/\/joubjoub.ddns.net\/blog\/?p=49541' data-type='post'>Entrez dans la danse<\/a><\/td>\n<td style='text-align:left'>TEUL\u00c9 Jean<\/td>\n<td data-align='center'>15-juillet-2022<\/td>\n<td data-align='center'>3<\/td>\n<td style='text-align:left'><\/td>\n<\/tr>\n<tr style='height: 24px;'>\n<td style='text-align:left'><a href='https:\/\/joubjoub.ddns.net\/blog\/?p=49507' data-type='post'>Fanny<\/a><\/td>\n<td style='text-align:left'>PAGNOL Marcel<\/td>\n<td data-align='center'>29-mars-2022<\/td>\n<td data-align='center'>3<\/td>\n<td style='text-align:left'><\/td>\n<\/tr>\n<tr style='height: 24px;'>\n<td style='text-align:left'><a href='https:\/\/joubjoub.ddns.net\/blog\/?p=49525' data-type='post'>Gare \u00e0 Lou !<\/a><\/td>\n<td style='text-align:left'>TEUL\u00c9 Jean<\/td>\n<td data-align='center'>9-juillet-2022<\/td>\n<td data-align='center'>3<\/td>\n<td style='text-align:left'>ABC2022,<\/td>\n<\/tr>\n<tr style='height: 24px;'>\n<td style='text-align:left'><a href='https:\/\/joubjoub.ddns.net\/blog\/?p=49495' data-type='post'>Jupiter<\/a><\/td>\n<td style='text-align:left'>HUBERT-ROSSI Gilbert<\/td>\n<td data-align='center'>9-janvier-2022<\/td>\n<td data-align='center'>2<\/td>\n<td style='text-align:left'><\/td>\n<\/tr>\n<tr style='height: 24px;'>\n<td style='text-align:left'><a href='https:\/\/joubjoub.ddns.net\/blog\/?p=49549' data-type='post'>La bo\u00eete \u00e0 magie<\/a><\/td>\n<td style='text-align:left'>L\u00c4CKBERG Camilla, FEXEUS Henrik<\/td>\n<td data-align='center'>15-octobre-2022<\/td>\n<td data-align='center'>\u2764<\/td>\n<td style='text-align:left'><\/td>\n<\/tr>\n<tr style='height: 24px;'>\n<td style='text-align:left'><a href='https:\/\/joubjoub.ddns.net\/blog\/?p=49517' data-type='post'>La Conversation amoureuse<\/a><\/td>\n<td style='text-align:left'>FERNEY Alice<\/td>\n<td data-align='center'>5-juillet-2022<\/td>\n<td data-align='center'>\u2764<\/td>\n<td style='text-align:left'>ABC2022,<\/td>\n<\/tr>\n<tr style='height: 24px;'>\n<td style='text-align:left'><a href='https:\/\/joubjoub.ddns.net\/blog\/?p=49511' data-type='post'>La mare au Diable<\/a><\/td>\n<td style='text-align:left'>SAND George<\/td>\n<td data-align='center'>15-mai-2022<\/td>\n<td data-align='center'>3<\/td>\n<td style='text-align:left'>ABC2022,<\/td>\n<\/tr>\n<tr style='height: 24px;'>\n<td style='text-align:left'><a href='https:\/\/joubjoub.ddns.net\/blog\/?p=49537' data-type='post'>La mise \u00e0 nu<\/a><\/td>\n<td style='text-align:left'>BLONDEL Jean-Philippe<\/td>\n<td data-align='center'>13-juillet-2022<\/td>\n<td data-align='center'>\u2764<\/td>\n<td style='text-align:left'>ABC2022,<\/td>\n<\/tr>\n<tr style='height: 24px;'>\n<td style='text-align:left'><a href='https:\/\/joubjoub.ddns.net\/blog\/?p=49543' data-type='post'>Le bon coeur<\/a><\/td>\n<td style='text-align:left'>BERNARD Michel<\/td>\n<td data-align='center'>18-juillet-2022<\/td>\n<td data-align='center'>\u2764<\/td>\n<td style='text-align:left'><\/td>\n<\/tr>\n<tr style='height: 24px;'>\n<td style='text-align:left'><a href='https:\/\/joubjoub.ddns.net\/blog\/?p=49503' data-type='post'>Le jeu<\/a><\/td>\n<td style='text-align:left'>LAYMON Richard<\/td>\n<td data-align='center'>18-f\u00e9vrier-2022<\/td>\n<td data-align='center'>4<\/td>\n<td style='text-align:left'>ABC2022,<\/td>\n<\/tr>\n<tr style='height: 24px;'>\n<td style='text-align:left'><a href='https:\/\/joubjoub.ddns.net\/blog\/?p=49519' data-type='post'>Les Souffrances du jeune Werther<\/a><\/td>\n<td style='text-align:left'>GOETHE Johann Wolfgang von<\/td>\n<td data-align='center'>6-juillet-2022<\/td>\n<td data-align='center'>3<\/td>\n<td style='text-align:left'>ABC2022,<\/td>\n<\/tr>\n<tr style='height: 24px;'>\n<td style='text-align:left'><a href='https:\/\/joubjoub.ddns.net\/blog\/?p=49505' data-type='post'>Marius<\/a><\/td>\n<td style='text-align:left'>PAGNOL Marcel<\/td>\n<td data-align='center'>8-mars-2022<\/td>\n<td data-align='center'>3<\/td>\n<td style='text-align:left'>ABC2022,<\/td>\n<\/tr>\n<tr style='height: 24px;'>\n<td style='text-align:left'><a href='https:\/\/joubjoub.ddns.net\/blog\/?p=49513' data-type='post'>Nocturnes \u2013 Cinq nouvelles de musique au cr\u00e9puscule<\/a><\/td>\n<td style='text-align:left'>ISHIGURO Kazuo<\/td>\n<td data-align='center'>24-mai-2022<\/td>\n<td data-align='center'>4<\/td>\n<td style='text-align:left'>ABC2022,<\/td>\n<\/tr>\n<tr style='height: 24px;'>\n<td style='text-align:left'><a href='https:\/\/joubjoub.ddns.net\/blog\/?p=49531' data-type='post'>Nos vies<\/a><\/td>\n<td style='text-align:left'>LAFON Marie-H\u00e9l\u00e8ne<\/td>\n<td data-align='center'>12-juillet-2022<\/td>\n<td data-align='center'>3<\/td>\n<td style='text-align:left'><\/td>\n<\/tr>\n<tr style='height: 24px;'>\n<td style='text-align:left'><a href='https:\/\/joubjoub.ddns.net\/blog\/?p=49499' data-type='post'>Nous allons mourir ce soir<\/a><\/td>\n<td style='text-align:left'>FLYNN Gilian<\/td>\n<td data-align='center'>22-janvier-2022<\/td>\n<td data-align='center'>\u2764<\/td>\n<td style='text-align:left'>Prix Edgar Allan Poe,<\/td>\n<\/tr>\n<tr style='height: 24px;'>\n<td style='text-align:left'><a href='https:\/\/joubjoub.ddns.net\/blog\/?p=49493' data-type='post'>Nouvelles orientales<\/a><\/td>\n<td style='text-align:left'>YOURCENAR Marguerite<\/td>\n<td data-align='center'>2-janvier-2022<\/td>\n<td data-align='center'>4<\/td>\n<td style='text-align:left'>ABC2021,<\/td>\n<\/tr>\n<tr style='height: 24px;'>\n<td style='text-align:left'><a href='https:\/\/joubjoub.ddns.net\/blog\/?p=49521' data-type='post'>Paris-Brian\u00e7on<\/a><\/td>\n<td style='text-align:left'>BESSON Philippe<\/td>\n<td data-align='center'>7-juillet-2022<\/td>\n<td data-align='center'>4<\/td>\n<td style='text-align:left'><\/td>\n<\/tr>\n<tr style='height: 24px;'>\n<td style='text-align:left'><a href='https:\/\/joubjoub.ddns.net\/blog\/?p=49523' data-type='post'>Premier sang<\/a><\/td>\n<td style='text-align:left'>NOTHOMB Am\u00e9lie<\/td>\n<td data-align='center'>8-juillet-2022<\/td>\n<td data-align='center'>3<\/td>\n<td style='text-align:left'><\/td>\n<\/tr>\n<tr style='height: 24px;'>\n<td style='text-align:left'><a href='https:\/\/joubjoub.ddns.net\/blog\/?p=49527' data-type='post'>Propri\u00e9t\u00e9 priv\u00e9e<\/a><\/td>\n<td style='text-align:left'>DECK Julia<\/td>\n<td data-align='center'>9-juillet-2022<\/td>\n<td data-align='center'>\u2764<\/td>\n<td style='text-align:left'>ABC2022,<\/td>\n<\/tr>\n<tr style='height: 24px;'>\n<td style='text-align:left'><a href='https:\/\/joubjoub.ddns.net\/blog\/?p=49547' data-type='post'>Puzzle<\/a><\/td>\n<td style='text-align:left'>THILLIEZ Franck<\/td>\n<td data-align='center'>29-septembre-2022<\/td>\n<td data-align='center'>\u2764<\/td>\n<td style='text-align:left'><\/td>\n<\/tr>\n<tr style='height: 24px;'>\n<td style='text-align:left'><a href='https:\/\/joubjoub.ddns.net\/blog\/?p=49501' data-type='post'>Saignant ou \u00e0 point ?<\/a><\/td>\n<td style='text-align:left'>LEFEBVRE Jacqueline<\/td>\n<td data-align='center'>4-f\u00e9vrier-2022<\/td>\n<td data-align='center'>\u2764<\/td>\n<td style='text-align:left'><\/td>\n<\/tr>\n<tr style='height: 24px;'>\n<td style='text-align:left'><a href='https:\/\/joubjoub.ddns.net\/blog\/?p=49533' data-type='post'>Si \u00e7a saigne<\/a><\/td>\n<td style='text-align:left'>KING Stephen<\/td>\n<td data-align='center'>12-juillet-2022<\/td>\n<td data-align='center'>4<\/td>\n<td style='text-align:left'>ABC2022,<\/td>\n<\/tr>\n<tr style='height: 24px;'>\n<td style='text-align:left'><a href='https:\/\/joubjoub.ddns.net\/blog\/?p=49529' data-type='post'>Zone grise<\/a><\/td>\n<td style='text-align:left'>ROBERT Loulou<\/td>\n<td data-align='center'>10-juillet-2022<\/td>\n<td data-align='center'>\u2764<\/td>\n<td style='text-align:left'><\/td>\n<\/tr>\n<\/tbody>\n<tfoot>\n<tr style=\"height: 24px;\">\n<td class=\"has-text-align-left\" style=\"height: 24px; font-size: 18px;\" data-align=\"left\"><span class=\"has-inline-color has-vivid-cyan-blue-color\"><strong>TOTAL : 29 livres lus en 2022<\/strong><\/span><\/td>\n<td class=\"has-text-align-center\" style=\"height: 24px;\" data-align=\"center\"> <\/td>\n<td class=\"has-text-align-center\" style=\"height: 24px;\" data-align=\"center\"> <\/td>\n<td class=\"has-text-align-center\" style=\"height: 24px;\" data-align=\"center\"> <\/td>\n<td class=\"has-text-align-center\" style=\"height: 24px;\" data-align=\"center\"> <\/td>\n<\/tr>\n<\/tfoot>\n<\/table>\n<p><\/center><\/p>\n","protected":false},"excerpt":{"rendered":"<p>Titre Auteur Date Note Commentaires Adolphe CONSTANT Benjamin 13-juillet-2022 3 ABC2022, Amours R\u00c9CONDO L\u00e9onor de 14-juillet-2022 4 ABC2022, an\u00e9antir HOUELLEBECQ Michel 20-janvier-2022 \u2764 ABC2022, C\u00e9sar PAGNOL Marcel 13-avril-2022 4 Cosm\u00e9tique de l\u2019ennemi NOTHOMB Am\u00e9lie 25-juin-2022 \u2764 ABC2022, En attendant Bojangles BOURDEAUT Olivier 13-septembre-2022 \u2764 Entrez dans la danse TEUL\u00c9 Jean 15-juillet-2022 3 Fanny PAGNOL Marcel 29-mars-2022 3 Gare \u00e0 Lou&#46;&#46;&#46;<\/p>\n","protected":false},"author":1,"featured_media":0,"parent":0,"menu_order":0,"comment_status":"closed","ping_status":"closed","template":"","meta":{"footnotes":""},"class_list":["post-49560","page","type-page","status-publish","hentry"],"_links":{"self":[{"href":"https:\/\/joubjoub.ddns.net\/blog\/index.php?rest_route=\/wp\/v2\/pages\/49560","targetHints":{"allow":["GET"]}}],"collection":[{"href":"https:\/\/joubjoub.ddns.net\/blog\/index.php?rest_route=\/wp\/v2\/pages"}],"about":[{"href":"https:\/\/joubjoub.ddns.net\/blog\/index.php?rest_route=\/wp\/v2\/types\/page"}],"author":[{"embeddable":true,"href":"https:\/\/joubjoub.ddns.net\/blog\/index.php?rest_route=\/wp\/v2\/users\/1"}],"replies":[{"embeddable":true,"href":"https:\/\/joubjoub.ddns.net\/blog\/index.php?rest_route=%2Fwp%2Fv2%2Fcomments&post=49560"}],"version-history":[{"count":1,"href":"https:\/\/joubjoub.ddns.net\/blog\/index.php?rest_route=\/wp\/v2\/pages\/49560\/revisions"}],"predecessor-version":[{"id":49562,"href":"https:\/\/joubjoub.ddns.net\/blog\/index.php?rest_route=\/wp\/v2\/pages\/49560\/revisions\/49562"}],"wp:attachment":[{"href":"https:\/\/joubjoub.ddns.net\/blog\/index.php?rest_route=%2Fwp%2Fv2%2Fmedia&parent=49560"}],"curies":[{"name":"wp","href":"https:\/\/api.w.org\/{rel}","templated":true}]}}