{"id":52762,"date":"2025-06-22T12:12:16","date_gmt":"2025-06-22T10:12:16","guid":{"rendered":"https:\/\/joubjoub.ddns.net\/blog\/?page_id=52762"},"modified":"2025-06-22T12:12:53","modified_gmt":"2025-06-22T10:12:53","slug":"episodes-tv-vus-en-2016","status":"publish","type":"page","link":"https:\/\/joubjoub.ddns.net\/blog\/?page_id=52762","title":{"rendered":"\u00c9pisodes TV vus en 2016"},"content":{"rendered":"<p><center><\/p>\n<table style=\"width: 90%;\">\n<thead>\n<tr style='height: 24px; font-size: 18px;'>\n<th style='text-align:left'>S\u00e9rie TV<\/th>\n<th data-align='center'>\u00c9pisode<\/th>\n<th data-align='center'>Date<\/th>\n<th data-align='center'>Commentaires<\/th>\n<\/tr>\n<\/thead>\n<tbody>\n<tr style='height: 24px;'>\n<td style='text-align:left'>American Horror Story : Murder House<\/td>\n<td style='text-align:left'><a href='https:\/\/joubjoub.ddns.net\/blog\/?p=52758' data-type='post'>S01.E01 &#8211; La maison<\/a><\/td>\n<td data-align='center'>22-f\u00e9vrier-2016<\/td>\n<td data-align='center'><\/td>\n<td style='text-align:left'><\/td>\n<\/tr>\n<tr style='height: 24px;'>\n<td style='text-align:left'>American Horror Story : Murder House<\/td>\n<td style='text-align:left'><a href='https:\/\/joubjoub.ddns.net\/blog\/?p=52760' data-type='post'>S01.E02 &#8211; Intrus<\/a><\/td>\n<td data-align='center'>23-f\u00e9vrier-2016<\/td>\n<td data-align='center'><\/td>\n<td style='text-align:left'><\/td>\n<\/tr>\n<tr style='height: 24px;'>\n<td style='text-align:left'>Black Mirror<\/td>\n<td style='text-align:left'><a href='https:\/\/joubjoub.ddns.net\/blog\/?p=52755' data-type='post'>S01.E01 &#8211; L&rsquo;hymne national<\/a><\/td>\n<td data-align='center'>23-f\u00e9vrier-2016<\/td>\n<td data-align='center'><\/td>\n<td style='text-align:left'><\/td>\n<\/tr>\n<tr style='height: 24px;'>\n<td style='text-align:left'>Desperate Housewives<\/td>\n<td style='text-align:left'><a href='https:\/\/joubjoub.ddns.net\/blog\/?p=52695' data-type='post'>S08.E01 &#8211; Tout remettre en ordre<\/a><\/td>\n<td data-align='center'>17-ao\u00fbt-2016<\/td>\n<td data-align='center'><\/td>\n<td style='text-align:left'><\/td>\n<\/tr>\n<tr style='height: 24px;'>\n<td style='text-align:left'>Desperate Housewives<\/td>\n<td style='text-align:left'><a href='https:\/\/joubjoub.ddns.net\/blog\/?p=52697' data-type='post'>S08.E02 &#8211; Cr\u00e9er des liens<\/a><\/td>\n<td data-align='center'>17-ao\u00fbt-2016<\/td>\n<td data-align='center'><\/td>\n<td style='text-align:left'><\/td>\n<\/tr>\n<tr style='height: 24px;'>\n<td style='text-align:left'>Desperate Housewives<\/td>\n<td style='text-align:left'><a href='https:\/\/joubjoub.ddns.net\/blog\/?p=52699' data-type='post'>S08.E03 &#8211; L&rsquo;art du camouflage<\/a><\/td>\n<td data-align='center'>18-ao\u00fbt-2016<\/td>\n<td data-align='center'><\/td>\n<td style='text-align:left'><\/td>\n<\/tr>\n<tr style='height: 24px;'>\n<td style='text-align:left'>Desperate Housewives<\/td>\n<td style='text-align:left'><a href='https:\/\/joubjoub.ddns.net\/blog\/?p=52702' data-type='post'>S08.E04 &#8211; Les r\u00e9volt\u00e9s d&rsquo;Oakridge<\/a><\/td>\n<td data-align='center'>18-ao\u00fbt-2016<\/td>\n<td data-align='center'><\/td>\n<td style='text-align:left'><\/td>\n<\/tr>\n<tr style='height: 24px;'>\n<td style='text-align:left'>Desperate Housewives<\/td>\n<td style='text-align:left'><a href='https:\/\/joubjoub.ddns.net\/blog\/?p=52704' data-type='post'>S08.E05 &#8211; Un r\u00f4le \u00e0 jouer<\/a><\/td>\n<td data-align='center'>18-ao\u00fbt-2016<\/td>\n<td data-align='center'><\/td>\n<td style='text-align:left'><\/td>\n<\/tr>\n<tr style='height: 24px;'>\n<td style='text-align:left'>Desperate Housewives<\/td>\n<td style='text-align:left'><a href='https:\/\/joubjoub.ddns.net\/blog\/?p=52706' data-type='post'>S08.E06 &#8211; La parano\u00efa<\/a><\/td>\n<td data-align='center'>19-ao\u00fbt-2016<\/td>\n<td data-align='center'><\/td>\n<td style='text-align:left'><\/td>\n<\/tr>\n<tr style='height: 24px;'>\n<td style='text-align:left'>Desperate Housewives<\/td>\n<td style='text-align:left'><a href='https:\/\/joubjoub.ddns.net\/blog\/?p=52708' data-type='post'>S08.E07 &#8211; La ma\u00eetrise de la situation<\/a><\/td>\n<td data-align='center'>19-ao\u00fbt-2016<\/td>\n<td data-align='center'><\/td>\n<td style='text-align:left'><\/td>\n<\/tr>\n<tr style='height: 24px;'>\n<td style='text-align:left'>Desperate Housewives<\/td>\n<td style='text-align:left'><a href='https:\/\/joubjoub.ddns.net\/blog\/?p=52710' data-type='post'>S08.E08 &#8211; Nos faiblesses<\/a><\/td>\n<td data-align='center'>20-ao\u00fbt-2016<\/td>\n<td data-align='center'><\/td>\n<td style='text-align:left'><\/td>\n<\/tr>\n<tr style='height: 24px;'>\n<td style='text-align:left'>Desperate Housewives<\/td>\n<td style='text-align:left'><a href='https:\/\/joubjoub.ddns.net\/blog\/?p=52712' data-type='post'>S08.E09 &#8211; Totalement seules<\/a><\/td>\n<td data-align='center'>20-ao\u00fbt-2016<\/td>\n<td data-align='center'><\/td>\n<td style='text-align:left'><\/td>\n<\/tr>\n<tr style='height: 24px;'>\n<td style='text-align:left'>Desperate Housewives<\/td>\n<td style='text-align:left'><a href='https:\/\/joubjoub.ddns.net\/blog\/?p=52714' data-type='post'>S08.E10 &#8211; Garder un secret<\/a><\/td>\n<td data-align='center'>20-ao\u00fbt-2016<\/td>\n<td data-align='center'><\/td>\n<td style='text-align:left'><\/td>\n<\/tr>\n<tr style='height: 24px;'>\n<td style='text-align:left'>Desperate Housewives<\/td>\n<td style='text-align:left'><a href='https:\/\/joubjoub.ddns.net\/blog\/?p=52716' data-type='post'>S08.E11 &#8211; Nos amis nous disent la v\u00e9rit\u00e9<\/a><\/td>\n<td data-align='center'>20-ao\u00fbt-2016<\/td>\n<td data-align='center'><\/td>\n<td style='text-align:left'><\/td>\n<\/tr>\n<tr style='height: 24px;'>\n<td style='text-align:left'>Desperate Housewives<\/td>\n<td style='text-align:left'><a href='https:\/\/joubjoub.ddns.net\/blog\/?p=52718' data-type='post'>S08.E12 &#8211; Un mauvais souvenir<\/a><\/td>\n<td data-align='center'>20-ao\u00fbt-2016<\/td>\n<td data-align='center'><\/td>\n<td style='text-align:left'><\/td>\n<\/tr>\n<tr style='height: 24px;'>\n<td style='text-align:left'>Desperate Housewives<\/td>\n<td style='text-align:left'><a href='https:\/\/joubjoub.ddns.net\/blog\/?p=52720' data-type='post'>S08.E13 &#8211; Le meilleur de nous-m\u00eame<\/a><\/td>\n<td data-align='center'>20-ao\u00fbt-2016<\/td>\n<td data-align='center'><\/td>\n<td style='text-align:left'><\/td>\n<\/tr>\n<tr style='height: 24px;'>\n<td style='text-align:left'>Desperate Housewives<\/td>\n<td style='text-align:left'><a href='https:\/\/joubjoub.ddns.net\/blog\/?p=52722' data-type='post'>S08.E14 &#8211; La femme parfaite<\/a><\/td>\n<td data-align='center'>20-ao\u00fbt-2016<\/td>\n<td data-align='center'><\/td>\n<td style='text-align:left'><\/td>\n<\/tr>\n<tr style='height: 24px;'>\n<td style='text-align:left'>Desperate Housewives<\/td>\n<td style='text-align:left'><a href='https:\/\/joubjoub.ddns.net\/blog\/?p=52724' data-type='post'>S08.E15 &#8211; Besoin d&rsquo;aide<\/a><\/td>\n<td data-align='center'>20-ao\u00fbt-2016<\/td>\n<td data-align='center'><\/td>\n<td style='text-align:left'><\/td>\n<\/tr>\n<tr style='height: 24px;'>\n<td style='text-align:left'>Desperate Housewives<\/td>\n<td style='text-align:left'><a href='https:\/\/joubjoub.ddns.net\/blog\/?p=52726' data-type='post'>S08.E16 &#8211; Un voisin va mourir<\/a><\/td>\n<td data-align='center'>20-ao\u00fbt-2016<\/td>\n<td data-align='center'><\/td>\n<td style='text-align:left'><\/td>\n<\/tr>\n<tr style='height: 24px;'>\n<td style='text-align:left'>Desperate Housewives<\/td>\n<td style='text-align:left'><a href='https:\/\/joubjoub.ddns.net\/blog\/?p=52728' data-type='post'>S08.E17 &#8211; Apr\u00e8s la mort<\/a><\/td>\n<td data-align='center'>20-ao\u00fbt-2016<\/td>\n<td data-align='center'><\/td>\n<td style='text-align:left'><\/td>\n<\/tr>\n<tr style='height: 24px;'>\n<td style='text-align:left'>Desperate Housewives<\/td>\n<td style='text-align:left'><a href='https:\/\/joubjoub.ddns.net\/blog\/?p=52730' data-type='post'>S08.E18 &#8211; Des occasions \u00e0 ne pas rater<\/a><\/td>\n<td data-align='center'>20-ao\u00fbt-2016<\/td>\n<td data-align='center'><\/td>\n<td style='text-align:left'><\/td>\n<\/tr>\n<tr style='height: 24px;'>\n<td style='text-align:left'>Desperate Housewives<\/td>\n<td style='text-align:left'><a href='https:\/\/joubjoub.ddns.net\/blog\/?p=52732' data-type='post'>S08.E19 &#8211; Une tournure inattendue<\/a><\/td>\n<td data-align='center'>21-ao\u00fbt-2016<\/td>\n<td data-align='center'><\/td>\n<td style='text-align:left'><\/td>\n<\/tr>\n<tr style='height: 24px;'>\n<td style='text-align:left'>Desperate Housewives<\/td>\n<td style='text-align:left'><a href='https:\/\/joubjoub.ddns.net\/blog\/?p=52734' data-type='post'>S08.E20 &#8211; Le pouvoir<\/a><\/td>\n<td data-align='center'>21-ao\u00fbt-2016<\/td>\n<td data-align='center'><\/td>\n<td style='text-align:left'><\/td>\n<\/tr>\n<tr style='height: 24px;'>\n<td style='text-align:left'>Desperate Housewives<\/td>\n<td style='text-align:left'><a href='https:\/\/joubjoub.ddns.net\/blog\/?p=52736' data-type='post'>S08.E21 &#8211; Des \u00e9motions intenses<\/a><\/td>\n<td data-align='center'>21-ao\u00fbt-2016<\/td>\n<td data-align='center'><\/td>\n<td style='text-align:left'><\/td>\n<\/tr>\n<tr style='height: 24px;'>\n<td style='text-align:left'>Desperate Housewives<\/td>\n<td style='text-align:left'><a href='https:\/\/joubjoub.ddns.net\/blog\/?p=52738' data-type='post'>S08.E22 &#8211; L&rsquo;aveu<\/a><\/td>\n<td data-align='center'>21-ao\u00fbt-2016<\/td>\n<td data-align='center'><\/td>\n<td style='text-align:left'><\/td>\n<\/tr>\n<tr style='height: 24px;'>\n<td style='text-align:left'>Desperate Housewives<\/td>\n<td style='text-align:left'><a href='https:\/\/joubjoub.ddns.net\/blog\/?p=52740' data-type='post'>S08.E23 &#8211; La vie est un cadeau<\/a><\/td>\n<td data-align='center'>21-ao\u00fbt-2016<\/td>\n<td data-align='center'><\/td>\n<td style='text-align:left'><\/td>\n<\/tr>\n<tr style='height: 24px;'>\n<td style='text-align:left'>X-Files<\/td>\n<td style='text-align:left'><a href='https:\/\/joubjoub.ddns.net\/blog\/?p=52743' data-type='post'>S10.E01 &#8211; La v\u00e9rit\u00e9 est ailleurs (1\/2)<\/a><\/td>\n<td data-align='center'>25-f\u00e9vrier-2016<\/td>\n<td data-align='center'><\/td>\n<td style='text-align:left'><\/td>\n<\/tr>\n<tr style='height: 24px;'>\n<td style='text-align:left'>X-Files<\/td>\n<td style='text-align:left'><a href='https:\/\/joubjoub.ddns.net\/blog\/?p=52745' data-type='post'>S10.E02 &#8211; Les enfants du chaos<\/a><\/td>\n<td data-align='center'>25-f\u00e9vrier-2016<\/td>\n<td data-align='center'><\/td>\n<td style='text-align:left'><\/td>\n<\/tr>\n<tr style='height: 24px;'>\n<td style='text-align:left'>X-Files<\/td>\n<td style='text-align:left'><a href='https:\/\/joubjoub.ddns.net\/blog\/?p=52747' data-type='post'>S10.E03 &#8211; Rencontre d&rsquo;un dr\u00f4le de type<\/a><\/td>\n<td data-align='center'>1-mai-2016<\/td>\n<td data-align='center'><\/td>\n<td style='text-align:left'><\/td>\n<\/tr>\n<tr style='height: 24px;'>\n<td style='text-align:left'>X-Files<\/td>\n<td style='text-align:left'><a href='https:\/\/joubjoub.ddns.net\/blog\/?p=52749' data-type='post'>S10.E04 &#8211; Esprit vengeur<\/a><\/td>\n<td data-align='center'>2-mai-2016<\/td>\n<td data-align='center'><\/td>\n<td style='text-align:left'><\/td>\n<\/tr>\n<tr style='height: 24px;'>\n<td style='text-align:left'>X-Files<\/td>\n<td style='text-align:left'><a href='https:\/\/joubjoub.ddns.net\/blog\/?p=52751' data-type='post'>S10.E05 &#8211; Babylon<\/a><\/td>\n<td data-align='center'>3-mai-2016<\/td>\n<td data-align='center'><\/td>\n<td style='text-align:left'><\/td>\n<\/tr>\n<tr style='height: 24px;'>\n<td style='text-align:left'>X-Files<\/td>\n<td style='text-align:left'><a href='https:\/\/joubjoub.ddns.net\/blog\/?p=52753' data-type='post'>S10.E06 &#8211; La v\u00e9rit\u00e9 est ailleurs (2\/2)<\/a><\/td>\n<td data-align='center'>9-mai-2016<\/td>\n<td data-align='center'><\/td>\n<td style='text-align:left'><\/td>\n<\/tr>\n<\/tbody>\n<tfoot>\n<tr style='height: 24px; font-size: 18px;'>\n<td class=\"has-text-align-left\" style=\"height: 24px; font-size: 18px;\" data-align=\"left\"><span class=\"has-inline-color has-vivid-cyan-blue-color\"><strong>TOTAL : 31 \u00e9pisodes TV vus en 2016<\/strong><\/span><\/td>\n<td class=\"has-text-align-center\" style=\"height: 24px;\" data-align=\"center\">\u00a0<\/td>\n<td class=\"has-text-align-center\" style=\"height: 24px;\" data-align=\"center\">\u00a0<\/td>\n<td class=\"has-text-align-center\" style=\"height: 24px;\" data-align=\"center\">\u00a0<\/td>\n<\/tr>\n<\/tfoot>\n<\/table>\n<p><\/center><\/p>\n","protected":false},"excerpt":{"rendered":"<p>S\u00e9rie TV \u00c9pisode Date Commentaires American Horror Story : Murder House S01.E01 &#8211; La maison 22-f\u00e9vrier-2016 American Horror Story : Murder House S01.E02 &#8211; Intrus 23-f\u00e9vrier-2016 Black Mirror S01.E01 &#8211; L&rsquo;hymne national 23-f\u00e9vrier-2016 Desperate Housewives S08.E01 &#8211; Tout remettre en ordre 17-ao\u00fbt-2016 Desperate Housewives S08.E02 &#8211; Cr\u00e9er des liens 17-ao\u00fbt-2016 Desperate Housewives S08.E03 &#8211; L&rsquo;art du camouflage 18-ao\u00fbt-2016 Desperate Housewives&#46;&#46;&#46;<\/p>\n","protected":false},"author":1,"featured_media":0,"parent":0,"menu_order":0,"comment_status":"closed","ping_status":"closed","template":"","meta":{"footnotes":""},"class_list":["post-52762","page","type-page","status-publish","hentry"],"_links":{"self":[{"href":"https:\/\/joubjoub.ddns.net\/blog\/index.php?rest_route=\/wp\/v2\/pages\/52762","targetHints":{"allow":["GET"]}}],"collection":[{"href":"https:\/\/joubjoub.ddns.net\/blog\/index.php?rest_route=\/wp\/v2\/pages"}],"about":[{"href":"https:\/\/joubjoub.ddns.net\/blog\/index.php?rest_route=\/wp\/v2\/types\/page"}],"author":[{"embeddable":true,"href":"https:\/\/joubjoub.ddns.net\/blog\/index.php?rest_route=\/wp\/v2\/users\/1"}],"replies":[{"embeddable":true,"href":"https:\/\/joubjoub.ddns.net\/blog\/index.php?rest_route=%2Fwp%2Fv2%2Fcomments&post=52762"}],"version-history":[{"count":2,"href":"https:\/\/joubjoub.ddns.net\/blog\/index.php?rest_route=\/wp\/v2\/pages\/52762\/revisions"}],"predecessor-version":[{"id":52764,"href":"https:\/\/joubjoub.ddns.net\/blog\/index.php?rest_route=\/wp\/v2\/pages\/52762\/revisions\/52764"}],"wp:attachment":[{"href":"https:\/\/joubjoub.ddns.net\/blog\/index.php?rest_route=%2Fwp%2Fv2%2Fmedia&parent=52762"}],"curies":[{"name":"wp","href":"https:\/\/api.w.org\/{rel}","templated":true}]}}