{"id":52867,"date":"2025-06-23T16:57:35","date_gmt":"2025-06-23T14:57:35","guid":{"rendered":"https:\/\/joubjoub.ddns.net\/blog\/?page_id=52867"},"modified":"2025-06-23T16:57:35","modified_gmt":"2025-06-23T14:57:35","slug":"episodes-tv-vus-en-2019","status":"publish","type":"page","link":"https:\/\/joubjoub.ddns.net\/blog\/?page_id=52867","title":{"rendered":"\u00c9pisodes TV vus en 2019"},"content":{"rendered":"<p><center><\/p>\n<table style=\"width: 90%;\">\n<thead>\n<tr style='height: 24px; font-size: 18px;'>\n<th style='text-align:left'>S\u00e9rie TV<\/th>\n<th data-align='center'>\u00c9pisode<\/th>\n<th data-align='center'>Date<\/th>\n<th data-align='center'>Commentaires<\/th>\n<\/tr>\n<\/thead>\n<tbody>\n<tr style='height: 24px;'>\n<td style='text-align:left'>C\u2019est pas sorcier <\/td>\n<td style='text-align:left'><a href='https:\/\/joubjoub.ddns.net\/blog\/?p=52843' data-type='post'> S00.E02  \u2013  L\u2019\u00e9cole est finie (best of)<\/a><\/td>\n<td style='text-align:left'>28-juillet-2019<\/td>\n<td style='text-align:left'><\/td>\n<\/tr>\n<tr style='height: 24px;'>\n<td style='text-align:left'>C\u2019est pas sorcier <\/td>\n<td style='text-align:left'><a href='https:\/\/joubjoub.ddns.net\/blog\/?p=52822' data-type='post'> S01.E135  \u2013  Des hommes de toutes les couleurs<\/a><\/td>\n<td style='text-align:left'>1-janvier-2019<\/td>\n<td style='text-align:left'><\/td>\n<\/tr>\n<tr style='height: 24px;'>\n<td style='text-align:left'>C\u2019est pas sorcier <\/td>\n<td style='text-align:left'><a href='https:\/\/joubjoub.ddns.net\/blog\/?p=52840' data-type='post'> S01.E161  \u2013  Dr\u00f4les d\u2019oiseaux : le parc ornithologique du Marquenterre<\/a><\/td>\n<td style='text-align:left'>26-ao\u00fbt-2019<\/td>\n<td style='text-align:left'><\/td>\n<\/tr>\n<tr style='height: 24px;'>\n<td style='text-align:left'>C\u2019est pas sorcier <\/td>\n<td style='text-align:left'><a href='https:\/\/joubjoub.ddns.net\/blog\/?p=52826' data-type='post'> S01.E367  \u2013  Ah, les vaches !<\/a><\/td>\n<td style='text-align:left'>22-juillet-2019<\/td>\n<td style='text-align:left'><\/td>\n<\/tr>\n<tr style='height: 24px;'>\n<td style='text-align:left'>C\u2019est pas sorcier <\/td>\n<td style='text-align:left'><a href='https:\/\/joubjoub.ddns.net\/blog\/?p=52829' data-type='post'> S01.E454  \u2013  Biblioth\u00e8que nationale : la m\u00e9moire \u00e0 livre ouvert<\/a><\/td>\n<td style='text-align:left'>23-juillet-2019<\/td>\n<td style='text-align:left'><\/td>\n<\/tr>\n<tr style='height: 24px;'>\n<td style='text-align:left'>C\u2019est pas sorcier <\/td>\n<td style='text-align:left'><a href='https:\/\/joubjoub.ddns.net\/blog\/?p=52835' data-type='post'> S01.E521  \u2013  Le grand retour du loup<\/a><\/td>\n<td style='text-align:left'>29-juillet-2019<\/td>\n<td style='text-align:left'><\/td>\n<\/tr>\n<tr style='height: 24px;'>\n<td style='text-align:left'>C\u2019est pas sorcier <\/td>\n<td style='text-align:left'><a href='https:\/\/joubjoub.ddns.net\/blog\/?p=52833' data-type='post'> S01.E522  \u2013  Du nouveau dans les zoos<\/a><\/td>\n<td style='text-align:left'>27-juillet-2019<\/td>\n<td style='text-align:left'><\/td>\n<\/tr>\n<tr style='height: 24px;'>\n<td style='text-align:left'>Sherlock <\/td>\n<td style='text-align:left'><a href='https:\/\/joubjoub.ddns.net\/blog\/?p=52858' data-type='post'> S01.E01  \u2013  Une \u00e9tude en rose<\/a><\/td>\n<td style='text-align:left'>23-f\u00e9vrier-2019<\/td>\n<td style='text-align:left'><\/td>\n<\/tr>\n<tr style='height: 24px;'>\n<td style='text-align:left'>Sherlock <\/td>\n<td style='text-align:left'><a href='https:\/\/joubjoub.ddns.net\/blog\/?p=52860' data-type='post'> S01.E02  \u2013  Le banquier aveugle<\/a><\/td>\n<td style='text-align:left'>25-f\u00e9vrier-2019<\/td>\n<td style='text-align:left'><\/td>\n<\/tr>\n<\/tbody>\n<tfoot>\n<tr style='height: 24px; font-size: 18px;'>\n<td class=\"has-text-align-left\" style=\"height: 24px; font-size: 18px;\" data-align=\"left\"><span class=\"has-inline-color has-vivid-cyan-blue-color\"><strong>TOTAL : 9 \u00e9pisodes TV vus en 2019<\/strong><\/span><\/td>\n<td class=\"has-text-align-center\" style=\"height: 24px;\" data-align=\"center\">\u00a0<\/td>\n<td class=\"has-text-align-center\" style=\"height: 24px;\" data-align=\"center\">\u00a0<\/td>\n<td class=\"has-text-align-center\" style=\"height: 24px;\" data-align=\"center\">\u00a0<\/td>\n<\/tr>\n<\/tfoot>\n<\/table>\n<p><\/center><\/p>\n","protected":false},"excerpt":{"rendered":"<p>S\u00e9rie TV \u00c9pisode Date Commentaires C\u2019est pas sorcier S00.E02 \u2013 L\u2019\u00e9cole est finie (best of) 28-juillet-2019 C\u2019est pas sorcier S01.E135 \u2013 Des hommes de toutes les couleurs 1-janvier-2019 C\u2019est pas sorcier S01.E161 \u2013 Dr\u00f4les d\u2019oiseaux : le parc ornithologique du Marquenterre 26-ao\u00fbt-2019 C\u2019est pas sorcier S01.E367 \u2013 Ah, les vaches ! 22-juillet-2019 C\u2019est pas sorcier S01.E454 \u2013 Biblioth\u00e8que nationale :&#46;&#46;&#46;<\/p>\n","protected":false},"author":1,"featured_media":0,"parent":0,"menu_order":0,"comment_status":"closed","ping_status":"closed","template":"","meta":{"footnotes":""},"class_list":["post-52867","page","type-page","status-publish","hentry"],"_links":{"self":[{"href":"https:\/\/joubjoub.ddns.net\/blog\/index.php?rest_route=\/wp\/v2\/pages\/52867","targetHints":{"allow":["GET"]}}],"collection":[{"href":"https:\/\/joubjoub.ddns.net\/blog\/index.php?rest_route=\/wp\/v2\/pages"}],"about":[{"href":"https:\/\/joubjoub.ddns.net\/blog\/index.php?rest_route=\/wp\/v2\/types\/page"}],"author":[{"embeddable":true,"href":"https:\/\/joubjoub.ddns.net\/blog\/index.php?rest_route=\/wp\/v2\/users\/1"}],"replies":[{"embeddable":true,"href":"https:\/\/joubjoub.ddns.net\/blog\/index.php?rest_route=%2Fwp%2Fv2%2Fcomments&post=52867"}],"version-history":[{"count":1,"href":"https:\/\/joubjoub.ddns.net\/blog\/index.php?rest_route=\/wp\/v2\/pages\/52867\/revisions"}],"predecessor-version":[{"id":52868,"href":"https:\/\/joubjoub.ddns.net\/blog\/index.php?rest_route=\/wp\/v2\/pages\/52867\/revisions\/52868"}],"wp:attachment":[{"href":"https:\/\/joubjoub.ddns.net\/blog\/index.php?rest_route=%2Fwp%2Fv2%2Fmedia&parent=52867"}],"curies":[{"name":"wp","href":"https:\/\/api.w.org\/{rel}","templated":true}]}}