{"id":58792,"date":"2025-07-11T09:27:46","date_gmt":"2025-07-11T07:27:46","guid":{"rendered":"https:\/\/176.143.180.246\/blog\/?page_id=58792"},"modified":"2025-07-11T09:45:05","modified_gmt":"2025-07-11T07:45:05","slug":"lego-construits-en-2023","status":"publish","type":"page","link":"https:\/\/joubjoub.ddns.net\/blog\/?page_id=58792","title":{"rendered":"LEGO\u00ae construits en 2023"},"content":{"rendered":"<p><center><\/p>\n<table style=\"width: 95%;\">\n<thead>\n<tr style=\"height: 24px; font-size: 18px;\">\n<th style=\"text-align: left; width: 205px;\" data-align=\"center\">Cat\u00e9gorie<\/th>\n<th style=\"text-align: left;\" data-align=\"center\">D\u00e9nomination<\/th>\n<th style=\"text-align: center; width: 165px;\">Date<\/th>\n<th style=\"text-align: right; width: 155px;\">Nb. de pi\u00e8ces<\/th>\n<\/tr>\n<\/thead>\n<tbody>\n<tr style='height: 24px;'>\n<td style='text-align:left'>Icons<\/td>\n<td style='text-align:left'><a href='.\/?p=58697' data-type='post'>#10497 &#8211; Le Galaxy Explorer<\/a><\/td>\n<td data-align='center'>3-octobre-2023<\/td>\n<td style='text-align:right'>1 254<\/td>\n<\/tr>\n<tr style='height: 24px;'>\n<td style='text-align:left'>Ideas<\/td>\n<td style='text-align:left'><a href='.\/?p=58695' data-type='post'>#21342 &#8211; La collection d\u2019insectes<\/a><\/td>\n<td data-align='center'>2-octobre-2023<\/td>\n<td style='text-align:right'>1 111<\/td>\n<\/tr>\n<tr style='height: 24px;'>\n<td style='text-align:left'>Powered UP<\/td>\n<td style='text-align:left'><a href='.\/?p=58703' data-type='post'>#10308 &#8211; La grande rue d\u00e9cor\u00e9e pour les f\u00eates<\/a><\/td>\n<td data-align='center'>5-d\u00e9cembre-2023<\/td>\n<td style='text-align:right'>1 514<\/td>\n<\/tr>\n<tr style='height: 24px;'>\n<td style='text-align:left'>Star\u00a0Wars\u2122<\/td>\n<td style='text-align:left'><a href='.\/?p=58699' data-type='post'>#75257 &#8211; Faucon Millenium\u2122<\/a><\/td>\n<td data-align='center'>3-octobre-2023<\/td>\n<td style='text-align:right'>1 353<\/td>\n<\/tr>\n<tr style='height: 24px;'>\n<td style='text-align:left'>The Botanical Collection<\/td>\n<td style='text-align:left'><a href='.\/?p=58672' data-type='post'>#10281 &#8211; Bonsa\u00ef<\/a><\/td>\n<td data-align='center'>4-janvier-2023<\/td>\n<td style='text-align:right'>878<\/td>\n<\/tr>\n<tr style='height: 24px;'>\n<td style='text-align:left'>The Botanical Collection<\/td>\n<td style='text-align:left'><a href='.\/?p=58693' data-type='post'>#10311 &#8211; L\u2019orchid\u00e9e<\/a><\/td>\n<td data-align='center'>12-avril-2023<\/td>\n<td style='text-align:right'>608<\/td>\n<\/tr>\n<tr style='height: 24px;'>\n<td style='text-align:left'>The Botanical Collection<\/td>\n<td style='text-align:left'><a href='.\/?p=58701' data-type='post'>#10314 &#8211; Le centre de table Fleurs s\u00e9ch\u00e9es<\/a><\/td>\n<td data-align='center'>3-d\u00e9cembre-2023<\/td>\n<td style='text-align:right'>812<\/td>\n<\/tr>\n<tr style='height: 24px;'>\n<td style='text-align:left'><em>Autre<\/em><\/td>\n<td style='text-align:left'><a href='.\/?p=58691' data-type='post'>#40648 &#8211; L\u2019arbre \u00e0 monnaie<\/a><\/td>\n<td data-align='center'>12-mars-2023<\/td>\n<td style='text-align:right'>336<\/td>\n<\/tr>\n<\/tbody>\n<tfoot>\n<tr style=\"height: 24px;\">\n<th class=\"has-text-align-left\" style=\"height: 24px;\" data-align=\"left\"> <\/td>\n<th class=\"has-text-align-left\" style=\"height: 24px; font-size: 18px; text-align:left\" data-align=\"left\"><strong>TOTAL : 8 LEGO\u00ae construits en 2023<\/strong<\/td>\n<th class=\"has-text-align-left\" style=\"height: 24px;\" data-align=\"left\"> <\/td>\n<th class=\"has-text-align-center\" style=\"height: 24px;\" data-align=\"center\"><strong>7 866 pi\u00e8ces<\/strong><\/td>\n<\/tr>\n<\/tfoot>\n<\/table>\n<p><\/center><\/p>\n","protected":false},"excerpt":{"rendered":"<p>Cat\u00e9gorie D\u00e9nomination Date Nb. de pi\u00e8ces Icons #10497 &#8211; Le Galaxy Explorer 3-octobre-2023 1 254 Ideas #21342 &#8211; La collection d\u2019insectes 2-octobre-2023 1 111 Powered UP #10308 &#8211; La grande rue d\u00e9cor\u00e9e pour les f\u00eates 5-d\u00e9cembre-2023 1 514 Star\u00a0Wars\u2122 #75257 &#8211; Faucon Millenium\u2122 3-octobre-2023 1 353 The Botanical Collection #10281 &#8211; Bonsa\u00ef 4-janvier-2023 878 The Botanical Collection #10311 &#8211; L\u2019orchid\u00e9e&#46;&#46;&#46;<\/p>\n","protected":false},"author":1,"featured_media":0,"parent":0,"menu_order":0,"comment_status":"closed","ping_status":"closed","template":"","meta":{"footnotes":""},"class_list":["post-58792","page","type-page","status-publish","hentry"],"_links":{"self":[{"href":"https:\/\/joubjoub.ddns.net\/blog\/index.php?rest_route=\/wp\/v2\/pages\/58792","targetHints":{"allow":["GET"]}}],"collection":[{"href":"https:\/\/joubjoub.ddns.net\/blog\/index.php?rest_route=\/wp\/v2\/pages"}],"about":[{"href":"https:\/\/joubjoub.ddns.net\/blog\/index.php?rest_route=\/wp\/v2\/types\/page"}],"author":[{"embeddable":true,"href":"https:\/\/joubjoub.ddns.net\/blog\/index.php?rest_route=\/wp\/v2\/users\/1"}],"replies":[{"embeddable":true,"href":"https:\/\/joubjoub.ddns.net\/blog\/index.php?rest_route=%2Fwp%2Fv2%2Fcomments&post=58792"}],"version-history":[{"count":6,"href":"https:\/\/joubjoub.ddns.net\/blog\/index.php?rest_route=\/wp\/v2\/pages\/58792\/revisions"}],"predecessor-version":[{"id":58801,"href":"https:\/\/joubjoub.ddns.net\/blog\/index.php?rest_route=\/wp\/v2\/pages\/58792\/revisions\/58801"}],"wp:attachment":[{"href":"https:\/\/joubjoub.ddns.net\/blog\/index.php?rest_route=%2Fwp%2Fv2%2Fmedia&parent=58792"}],"curies":[{"name":"wp","href":"https:\/\/api.w.org\/{rel}","templated":true}]}}